Last updated on 2023-12-07 04:56:20 CET.
Flavor | Version | Tinstall | Tcheck | Ttotal | Status | Flags |
---|---|---|---|---|---|---|
r-devel-linux-x86_64-debian-clang | 1.7.3 | 25.87 | 74.38 | 100.25 | NOTE | |
r-devel-linux-x86_64-debian-gcc | 1.7.3 | 20.44 | 55.99 | 76.43 | NOTE | |
r-devel-linux-x86_64-fedora-clang | 1.7.3 | 127.98 | NOTE | |||
r-devel-linux-x86_64-fedora-gcc | 1.7.3 | 136.19 | NOTE | |||
r-devel-windows-x86_64 | 1.7.3 | 19.00 | 80.00 | 99.00 | NOTE | |
r-patched-linux-x86_64 | 1.7.3 | 22.65 | 72.54 | 95.19 | NOTE | |
r-release-linux-x86_64 | 1.7.3 | 15.13 | 72.49 | 87.62 | NOTE | |
r-release-macos-arm64 | 1.7.3 | 41.00 | NOTE | |||
r-release-macos-x86_64 | 1.7.3 | 69.00 | NOTE | |||
r-release-windows-x86_64 | 1.7.3 | 27.00 | 91.00 | 118.00 | NOTE | |
r-oldrel-macos-arm64 | 1.7.3 | 37.00 | NOTE | |||
r-oldrel-macos-x86_64 | 1.7.3 | 50.00 | NOTE | |||
r-oldrel-windows-x86_64 | 1.7.3 | 26.00 | 87.00 | 113.00 | NOTE |
Version: 1.7.3
Check: package dependencies
Result: NOTE
Package suggested but not available for checking: ‘dblog’
Flavors: r-devel-linux-x86_64-debian-clang, r-devel-linux-x86_64-debian-gcc, r-devel-linux-x86_64-fedora-clang, r-devel-linux-x86_64-fedora-gcc, r-devel-windows-x86_64, r-patched-linux-x86_64, r-release-linux-x86_64, r-release-macos-arm64, r-release-macos-x86_64, r-release-windows-x86_64, r-oldrel-macos-arm64, r-oldrel-macos-x86_64, r-oldrel-windows-x86_64