CRAN Package Check Results for Package CsChange

Last updated on 2024-06-14 05:58:19 CEST.

Flavor Version Tinstall Tcheck Ttotal Status Flags
r-devel-linux-x86_64-debian-clang 0.1.7 14.18 109.05 123.23 OK
r-devel-linux-x86_64-debian-gcc 0.1.7 0.27 1.74 2.01 ERROR
r-devel-linux-x86_64-fedora-clang 0.1.7 162.78 OK
r-devel-linux-x86_64-fedora-gcc 0.1.7 156.14 OK
r-devel-windows-x86_64 0.1.7 12.00 90.00 102.00 OK
r-patched-linux-x86_64 0.1.7 11.00 106.06 117.06 OK
r-release-linux-x86_64 0.1.7 8.72 106.07 114.79 OK
r-release-macos-arm64 0.1.7 45.00 OK
r-release-macos-x86_64 0.1.7 65.00 OK
r-release-windows-x86_64 0.1.7 13.00 101.00 114.00 OK
r-oldrel-macos-arm64 0.1.7 48.00 OK
r-oldrel-macos-x86_64 0.1.7 95.00 OK
r-oldrel-windows-x86_64 0.1.7 17.00 111.00 128.00 OK

Check Details

Version: 0.1.7
Check: package dependencies
Result: ERROR Packages required but not available: 'rms', 'Hmisc' See section ‘The DESCRIPTION file’ in the ‘Writing R Extensions’ manual. Flavor: r-devel-linux-x86_64-debian-gcc