Last updated on 2023-12-06 04:55:47 CET.
Flavor | Version | Tinstall | Tcheck | Ttotal | Status | Flags |
---|---|---|---|---|---|---|
r-devel-linux-x86_64-debian-clang | 2.0.2 | 4.29 | 78.78 | 83.07 | NOTE | |
r-devel-linux-x86_64-debian-gcc | 2.0.2 | 3.95 | 56.56 | 60.51 | NOTE | |
r-devel-linux-x86_64-fedora-clang | 2.0.2 | 98.98 | OK | |||
r-devel-linux-x86_64-fedora-gcc | 2.0.2 | 106.80 | OK | |||
r-devel-windows-x86_64 | 2.0.2 | 5.00 | 81.00 | 86.00 | OK | |
r-patched-linux-x86_64 | 2.0.2 | 8.64 | 71.84 | 80.48 | OK | |
r-release-linux-x86_64 | 2.0.2 | 3.34 | 72.04 | 75.38 | OK | |
r-release-macos-arm64 | 2.0.2 | 46.00 | OK | |||
r-release-macos-x86_64 | 2.0.2 | 65.00 | OK | |||
r-release-windows-x86_64 | 2.0.2 | 8.00 | 91.00 | 99.00 | OK | |
r-oldrel-macos-arm64 | 2.0.2 | 29.00 | OK | |||
r-oldrel-macos-x86_64 | 2.0.2 | 49.00 | OK | |||
r-oldrel-windows-x86_64 | 2.0.2 | 7.00 | 94.00 | 101.00 | OK |
Version: 2.0.2
Check: Rd files
Result: NOTE
checkRd: (-1) carstats.Rd:11: Lost braces in \itemize; meant \describe ?
checkRd: (-1) carstats.Rd:12: Lost braces in \itemize; meant \describe ?
checkRd: (-1) carstats.Rd:13: Lost braces in \itemize; meant \describe ?
checkRd: (-1) carstats.Rd:14: Lost braces in \itemize; meant \describe ?
checkRd: (-1) carstats.Rd:15: Lost braces in \itemize; meant \describe ?
checkRd: (-1) carstats.Rd:16: Lost braces in \itemize; meant \describe ?
checkRd: (-1) carstats.Rd:17: Lost braces in \itemize; meant \describe ?
checkRd: (-1) carstats.Rd:18: Lost braces in \itemize; meant \describe ?
checkRd: (-1) carstats.Rd:19: Lost braces in \itemize; meant \describe ?
checkRd: (-1) titanic.Rd:11: Lost braces in \itemize; meant \describe ?
checkRd: (-1) titanic.Rd:12: Lost braces in \itemize; meant \describe ?
checkRd: (-1) titanic.Rd:13: Lost braces in \itemize; meant \describe ?
checkRd: (-1) titanic.Rd:14: Lost braces in \itemize; meant \describe ?
Flavors: r-devel-linux-x86_64-debian-clang, r-devel-linux-x86_64-debian-gcc