Last updated on 2023-12-02 04:52:09 CET.
Flavor | Version | Tinstall | Tcheck | Ttotal | Status | Flags |
---|---|---|---|---|---|---|
r-devel-linux-x86_64-debian-clang | 0.1.9 | 2.74 | 86.87 | 89.61 | NOTE | |
r-devel-linux-x86_64-debian-gcc | 0.1.9 | 2.74 | 62.18 | 64.92 | NOTE | |
r-devel-linux-x86_64-fedora-clang | 0.1.9 | 108.27 | OK | |||
r-devel-linux-x86_64-fedora-gcc | 0.1.9 | 116.21 | OK | |||
r-devel-windows-x86_64 | 0.1.9 | 4.00 | 81.00 | 85.00 | OK | |
r-patched-linux-x86_64 | 0.1.9 | 3.49 | 82.79 | 86.28 | OK | |
r-release-linux-x86_64 | 0.1.9 | 3.61 | 84.01 | 87.62 | OK | |
r-release-macos-arm64 | 0.1.9 | 41.00 | OK | |||
r-release-macos-x86_64 | 0.1.9 | 84.00 | OK | |||
r-release-windows-x86_64 | 0.1.9 | 4.00 | 92.00 | 96.00 | OK | |
r-oldrel-macos-arm64 | 0.1.9 | 37.00 | OK | |||
r-oldrel-macos-x86_64 | 0.1.9 | 46.00 | OK | |||
r-oldrel-windows-x86_64 | 0.1.9 | 5.00 | 96.00 | 101.00 | OK |
Version: 0.1.9
Check: Rd files
Result: NOTE
checkRd: (-1) CorMID.Rd:54: Lost braces; missing escapes or markup?
54 | individual compound containing 2 carbons and observe a vector of {978,22,0}.
| ^
checkRd: (-1) CorMID.Rd:58: Lost braces; missing escapes or markup?
58 | The equivalent corMID vector would be {1,0,0}, indicating that the non-labeled
| ^
Flavors: r-devel-linux-x86_64-debian-clang, r-devel-linux-x86_64-debian-gcc