Last updated on 2023-12-10 04:55:54 CET.
Flavor | Version | Tinstall | Tcheck | Ttotal | Status | Flags |
---|---|---|---|---|---|---|
r-devel-linux-x86_64-debian-clang | 1.0.0 | 11.51 | 78.09 | 89.60 | NOTE | |
r-devel-linux-x86_64-debian-gcc | 1.0.0 | 7.96 | 59.07 | 67.03 | NOTE | |
r-devel-linux-x86_64-fedora-clang | 1.0.0 | 107.26 | NOTE | |||
r-devel-linux-x86_64-fedora-gcc | 1.0.0 | 104.72 | NOTE | |||
r-devel-windows-x86_64 | 1.0.0 | 9.00 | 72.00 | 81.00 | NOTE | |
r-patched-linux-x86_64 | 1.0.0 | 11.46 | 76.13 | 87.59 | NOTE | |
r-release-linux-x86_64 | 1.0.0 | 10.19 | 75.75 | 85.94 | NOTE | |
r-release-macos-arm64 | 1.0.0 | 37.00 | NOTE | |||
r-release-macos-x86_64 | 1.0.0 | 56.00 | NOTE | |||
r-release-windows-x86_64 | 1.0.0 | 12.00 | 84.00 | 96.00 | NOTE | |
r-oldrel-macos-arm64 | 1.0.0 | 33.00 | NOTE | |||
r-oldrel-macos-x86_64 | 1.0.0 | 44.00 | NOTE | |||
r-oldrel-windows-x86_64 | 1.0.0 | 13.00 | 86.00 | 99.00 | NOTE |
Version: 1.0.0
Check: LazyData
Result: NOTE
'LazyData' is specified without a 'data' directory
Flavors: r-devel-linux-x86_64-debian-clang, r-devel-linux-x86_64-debian-gcc, r-devel-linux-x86_64-fedora-clang, r-devel-linux-x86_64-fedora-gcc, r-devel-windows-x86_64, r-patched-linux-x86_64, r-release-linux-x86_64, r-release-macos-arm64, r-release-macos-x86_64, r-release-windows-x86_64, r-oldrel-macos-arm64, r-oldrel-macos-x86_64, r-oldrel-windows-x86_64