CRAN Package Check Results for Package ClickHouseHTTP

Last updated on 2024-06-14 05:58:18 CEST.

Flavor Version Tinstall Tcheck Ttotal Status Flags
r-devel-linux-x86_64-debian-clang 0.3.3 6.37 55.79 62.16 OK
r-devel-linux-x86_64-debian-gcc 0.3.3 0.32 1.73 2.05 ERROR
r-devel-linux-x86_64-fedora-clang 0.3.3 84.17 OK
r-devel-linux-x86_64-fedora-gcc 0.3.3 74.25 OK
r-devel-windows-x86_64 0.3.3 8.00 60.00 68.00 OK
r-patched-linux-x86_64 0.3.3 11.02 51.96 62.98 OK
r-release-linux-x86_64 0.3.3 7.58 53.73 61.31 OK
r-release-macos-arm64 0.3.3 26.00 OK
r-release-macos-x86_64 0.3.3 41.00 OK
r-release-windows-x86_64 0.3.3 9.00 75.00 84.00 OK
r-oldrel-macos-arm64 0.3.3 33.00 OK
r-oldrel-macos-x86_64 0.3.3 54.00 OK
r-oldrel-windows-x86_64 0.3.3 10.00 67.00 77.00 OK

Check Details

Version: 0.3.3
Check: package dependencies
Result: ERROR Package required but not available: ‘arrow’ Package suggested but not available for checking: ‘dplyr’ See section ‘The DESCRIPTION file’ in the ‘Writing R Extensions’ manual. Flavor: r-devel-linux-x86_64-debian-gcc