CRAN Package Check Results for Package ChoiceModelR

Last updated on 2024-02-26 04:49:22 CET.

Flavor Version Tinstall Tcheck Ttotal Status Flags
r-devel-linux-x86_64-debian-clang 1.3.0 3.41 57.86 61.27 NOTE
r-devel-linux-x86_64-debian-gcc 1.3.0 2.85 40.83 43.68 NOTE
r-devel-linux-x86_64-fedora-clang 1.3.0 73.45 NOTE
r-devel-linux-x86_64-fedora-gcc 1.3.0 70.63 NOTE
r-devel-windows-x86_64 1.3.0 5.00 68.00 73.00 NOTE
r-patched-linux-x86_64 1.3.0 3.86 54.84 58.70 NOTE
r-release-linux-x86_64 1.3.0 3.01 54.90 57.91 NOTE
r-release-macos-arm64 1.3.0 25.00 NOTE
r-release-macos-x86_64 1.3.0 45.00 NOTE
r-release-windows-x86_64 1.3.0 3.00 70.00 73.00 NOTE
r-oldrel-macos-arm64 1.3.0 28.00 OK
r-oldrel-windows-x86_64 1.3.0 5.00 73.00 78.00 OK

Check Details

Version: 1.3.0
Check: package subdirectories
Result: NOTE Problems with news in ‘NEWS.md’: No news entries found. Flavors: r-devel-linux-x86_64-debian-clang, r-devel-linux-x86_64-debian-gcc, r-devel-linux-x86_64-fedora-clang, r-devel-linux-x86_64-fedora-gcc, r-devel-windows-x86_64, r-patched-linux-x86_64, r-release-linux-x86_64, r-release-macos-arm64, r-release-macos-x86_64, r-release-windows-x86_64