CRAN Package Check Results for Package ChineseNames

Last updated on 2024-02-24 04:58:38 CET.

Flavor Version Tinstall Tcheck Ttotal Status Flags
r-devel-linux-x86_64-debian-clang 2023.8 6.41 55.60 62.01 OK
r-devel-linux-x86_64-debian-gcc 2023.8 5.54 41.66 47.20 OK
r-devel-linux-x86_64-fedora-clang 2023.8 81.47 NOTE
r-devel-linux-x86_64-fedora-gcc 2023.8 75.76 NOTE
r-devel-windows-x86_64 2023.8 8.00 60.00 68.00 OK
r-patched-linux-x86_64 2023.8 5.46 52.40 57.86 OK
r-release-linux-x86_64 2023.8 6.58 53.18 59.76 OK
r-release-macos-arm64 2023.8 28.00 OK
r-release-macos-x86_64 2023.8 49.00 OK
r-release-windows-x86_64 2023.8 10.00 68.00 78.00 OK
r-oldrel-macos-arm64 2023.8 27.00 OK
r-oldrel-windows-x86_64 2023.8 11.00 68.00 79.00 OK

Check Details

Version: 2023.8
Check: data for non-ASCII characters
Result: NOTE Note: found 8119 marked UTF-8 strings Flavors: r-devel-linux-x86_64-fedora-clang, r-devel-linux-x86_64-fedora-gcc