Last updated on 2023-12-10 04:55:53 CET.
Flavor | Version | Tinstall | Tcheck | Ttotal | Status | Flags |
---|---|---|---|---|---|---|
r-devel-linux-x86_64-debian-clang | 0.1.1 | 12.32 | 160.18 | 172.50 | NOTE | |
r-devel-linux-x86_64-debian-gcc | 0.1.1 | 11.04 | 118.11 | 129.15 | NOTE | |
r-devel-linux-x86_64-fedora-clang | 0.1.1 | 215.18 | OK | |||
r-devel-linux-x86_64-fedora-gcc | 0.1.1 | 211.76 | OK | |||
r-devel-windows-x86_64 | 0.1.1 | 12.00 | 126.00 | 138.00 | OK | |
r-patched-linux-x86_64 | 0.1.1 | 10.20 | 153.17 | 163.37 | OK | |
r-release-linux-x86_64 | 0.1.1 | 9.55 | 151.24 | 160.79 | OK | |
r-release-macos-arm64 | 0.1.1 | 74.00 | OK | |||
r-release-macos-x86_64 | 0.1.1 | 94.00 | OK | |||
r-release-windows-x86_64 | 0.1.1 | 16.00 | 154.00 | 170.00 | OK | |
r-oldrel-macos-arm64 | 0.1.1 | 57.00 | OK | |||
r-oldrel-macos-x86_64 | 0.1.1 | 120.00 | OK | |||
r-oldrel-windows-x86_64 | 0.1.1 | 15.00 | 158.00 | 173.00 | OK |
Version: 0.1.1
Check: Rd files
Result: NOTE
checkRd: (-1) as.mbsts.Rd:71: Lost braces; missing escapes or markup?
71 | \item{states.samples}{(\code{niter}- \code{burn}) draws from p(alpha_t | Y_{1:T}).}
| ^
checkRd: (-1) mcmc.Rd:61: Lost braces; missing escapes or markup?
61 | \item{states.samples}{(\code{niter}- \code{burn}) draws from p(alpha_t | Y_{1:T}).}
| ^
Flavors: r-devel-linux-x86_64-debian-clang, r-devel-linux-x86_64-debian-gcc