Last updated on 2023-11-28 04:57:15 CET.
Flavor | Version | Tinstall | Tcheck | Ttotal | Status | Flags |
---|---|---|---|---|---|---|
r-devel-linux-x86_64-debian-clang | 1.0-11 | 174.75 | 369.81 | 544.56 | NOTE | |
r-devel-linux-x86_64-debian-gcc | 1.0-11 | 136.33 | 273.76 | 410.09 | NOTE | |
r-devel-linux-x86_64-fedora-clang | 1.0-11 | 725.51 | NOTE | |||
r-devel-linux-x86_64-fedora-gcc | 1.0-11 | 718.32 | NOTE | |||
r-devel-windows-x86_64 | 1.0-11 | 136.00 | 349.00 | 485.00 | NOTE | |
r-patched-linux-x86_64 | 1.0-11 | 172.92 | 357.48 | 530.40 | NOTE | |
r-release-linux-x86_64 | 1.0-11 | 163.83 | 358.77 | 522.60 | NOTE | |
r-release-macos-arm64 | 1.0-11 | 183.00 | NOTE | |||
r-release-macos-x86_64 | 1.0-11 | 328.00 | NOTE | |||
r-release-windows-x86_64 | 1.0-11 | 190.00 | 439.00 | 629.00 | NOTE | |
r-oldrel-macos-arm64 | 1.0-11 | 164.00 | NOTE | |||
r-oldrel-macos-x86_64 | 1.0-11 | 209.00 | NOTE | |||
r-oldrel-windows-x86_64 | 1.0-11 | 181.00 | 369.00 | 550.00 | NOTE |
Version: 1.0-11
Check: package dependencies
Result: NOTE
Packages which this enhances but not available for checking:
'gurobi', 'rcbc'
Flavors: r-devel-linux-x86_64-debian-clang, r-devel-linux-x86_64-debian-gcc, r-patched-linux-x86_64, r-release-linux-x86_64
Version: 1.0-11
Check: Rd files
Result: NOTE
checkRd: (-1) Dgp2Dcp.eye_minus_inv_canon.Rd:5: Lost braces; missing escapes or markup?
5 | \title{Dgp2Dcp canonicalizer for the (I - X)^{-1} atom}
| ^
checkRd: (-1) Dgp2Dcp.eye_minus_inv_canon.Rd:19: Lost braces; missing escapes or markup?
19 | Dgp2Dcp canonicalizer for the (I - X)^{-1} atom
| ^
checkRd: (-1) Dgp2Dcp.eye_minus_inv_canon.Rd:15: Lost braces; missing escapes or markup?
15 | A canonicalization of the (I - X)^{-1} atom of a DGP expression,
| ^
checkRd: (-1) DiffPos.Rd:15: Lost braces; missing escapes or markup?
15 | The difference x - y with domain {x,y: x > y > 0}.
| ^
checkRd: (-1) Huber-class.Rd:56: Lost braces in \itemize; meant \describe ?
checkRd: (-1) Huber-class.Rd:57: Lost braces in \itemize; meant \describe ?
checkRd: (-1) Power-class.Rd:90: Lost braces in \itemize; meant \describe ?
checkRd: (-1) Power-class.Rd:91: Lost braces in \itemize; meant \describe ?
checkRd: (-1) Power-class.Rd:96: Lost braces in \itemize; meant \describe ?
checkRd: (-1) Power-class.Rd:97: Lost braces in \itemize; meant \describe ?
checkRd: (-1) Power-class.Rd:102: Lost braces in \itemize; meant \describe ?
checkRd: (-1) Power-class.Rd:103: Lost braces in \itemize; meant \describe ?
checkRd: (-1) dspop.Rd:20: Lost braces; missing escapes or markup?
20 | Sex was drawn from a Bernoulli distribution, and age was drawn from a uniform distribution on {10,...,60}.
| ^
checkRd: (-1) huber.Rd:21: Lost braces in \itemize; meant \describe ?
checkRd: (-1) huber.Rd:22: Lost braces in \itemize; meant \describe ?
checkRd: (-1) perform.Rd:18: Lost braces in \itemize; \value handles \item{}{} directly
checkRd: (-1) perform.Rd:19: Lost braces in \itemize; \value handles \item{}{} directly
checkRd: (-1) power.Rd:35: Lost braces in \itemize; meant \describe ?
checkRd: (-1) power.Rd:36: Lost braces in \itemize; meant \describe ?
checkRd: (-1) power.Rd:40: Lost braces in \itemize; meant \describe ?
checkRd: (-1) power.Rd:41: Lost braces in \itemize; meant \describe ?
checkRd: (-1) power.Rd:45: Lost braces in \itemize; meant \describe ?
checkRd: (-1) power.Rd:46: Lost braces in \itemize; meant \describe ?
checkRd: (-1) psd_coeff_offset.Rd:16: Lost braces; missing escapes or markup?
16 | equivalent to G*z <=_{PSD} h.
| ^
Flavors: r-devel-linux-x86_64-debian-clang, r-devel-linux-x86_64-debian-gcc
Version: 1.0-11
Check: package dependencies
Result: NOTE
Packages which this enhances but not available for checking:
'Rcplex', 'gurobi', 'rcbc'
Flavors: r-devel-linux-x86_64-fedora-clang, r-devel-linux-x86_64-fedora-gcc, r-devel-windows-x86_64, r-release-macos-arm64, r-release-macos-x86_64, r-release-windows-x86_64, r-oldrel-macos-arm64, r-oldrel-macos-x86_64, r-oldrel-windows-x86_64
Version: 1.0-11
Check: installed package size
Result: NOTE
installed size is 5.8Mb
sub-directories of 1Mb or more:
R 2.7Mb
doc 1.2Mb
help 1.1Mb
Flavors: r-devel-linux-x86_64-fedora-clang, r-devel-windows-x86_64, r-release-macos-arm64, r-release-macos-x86_64, r-release-windows-x86_64, r-oldrel-macos-arm64, r-oldrel-macos-x86_64, r-oldrel-windows-x86_64