Last updated on 2023-12-10 04:55:54 CET.
Flavor | Version | Tinstall | Tcheck | Ttotal | Status | Flags |
---|---|---|---|---|---|---|
r-devel-linux-x86_64-debian-clang | 0.1.0 | 1.99 | 20.06 | 22.05 | NOTE | |
r-devel-linux-x86_64-debian-gcc | 0.1.0 | 1.93 | 15.51 | 17.44 | NOTE | |
r-devel-linux-x86_64-fedora-clang | 0.1.0 | 29.91 | NOTE | |||
r-devel-linux-x86_64-fedora-gcc | 0.1.0 | 27.60 | NOTE | |||
r-devel-windows-x86_64 | 0.1.0 | 4.00 | 39.00 | 43.00 | NOTE | |
r-patched-linux-x86_64 | 0.1.0 | 1.60 | 19.77 | 21.37 | NOTE | |
r-release-linux-x86_64 | 0.1.0 | 1.70 | 19.67 | 21.37 | NOTE | |
r-release-macos-arm64 | 0.1.0 | 17.00 | NOTE | |||
r-release-macos-x86_64 | 0.1.0 | 19.00 | NOTE | |||
r-release-windows-x86_64 | 0.1.0 | 4.00 | 38.00 | 42.00 | NOTE | |
r-oldrel-macos-arm64 | 0.1.0 | 16.00 | NOTE | |||
r-oldrel-macos-x86_64 | 0.1.0 | 21.00 | NOTE | |||
r-oldrel-windows-x86_64 | 0.1.0 | 4.00 | 40.00 | 44.00 | NOTE |
Version: 0.1.0
Check: LazyData
Result: NOTE
'LazyData' is specified without a 'data' directory
Flavors: r-devel-linux-x86_64-debian-clang, r-devel-linux-x86_64-debian-gcc, r-devel-linux-x86_64-fedora-clang, r-devel-linux-x86_64-fedora-gcc, r-devel-windows-x86_64, r-patched-linux-x86_64, r-release-linux-x86_64, r-release-macos-arm64, r-release-macos-x86_64, r-release-windows-x86_64, r-oldrel-macos-arm64, r-oldrel-macos-x86_64, r-oldrel-windows-x86_64
Version: 0.1.0
Check: dependencies in R code
Result: NOTE
Namespaces in Imports field not imported from:
‘caret’ ‘datasets’ ‘dplyr’ ‘e1071’ ‘party’ ‘rhandsontable’ ‘rpart’
‘rpart.plot’ ‘shiny’
All declared Imports should be used.
Flavors: r-devel-linux-x86_64-fedora-clang, r-devel-linux-x86_64-fedora-gcc, r-oldrel-macos-arm64, r-oldrel-macos-x86_64