Last updated on 2023-12-10 04:55:54 CET.
Flavor | Version | Tinstall | Tcheck | Ttotal | Status | Flags |
---|---|---|---|---|---|---|
r-devel-linux-x86_64-debian-clang | 0.1.0 | 1.96 | 19.66 | 21.62 | NOTE | |
r-devel-linux-x86_64-debian-gcc | 0.1.0 | 1.68 | 15.59 | 17.27 | NOTE | |
r-devel-linux-x86_64-fedora-clang | 0.1.0 | 27.56 | NOTE | |||
r-devel-linux-x86_64-fedora-gcc | 0.1.0 | 26.30 | NOTE | |||
r-devel-windows-x86_64 | 0.1.0 | 3.00 | 38.00 | 41.00 | NOTE | |
r-patched-linux-x86_64 | 0.1.0 | 1.42 | 19.74 | 21.16 | NOTE | |
r-release-linux-x86_64 | 0.1.0 | 1.30 | 19.28 | 20.58 | NOTE | |
r-release-macos-arm64 | 0.1.0 | 17.00 | NOTE | |||
r-release-macos-x86_64 | 0.1.0 | 17.00 | NOTE | |||
r-release-windows-x86_64 | 0.1.0 | 3.00 | 36.00 | 39.00 | NOTE | |
r-oldrel-macos-arm64 | 0.1.0 | 16.00 | NOTE | |||
r-oldrel-macos-x86_64 | 0.1.0 | 25.00 | NOTE | |||
r-oldrel-windows-x86_64 | 0.1.0 | 4.00 | 40.00 | 44.00 | NOTE |
Version: 0.1.0
Check: LazyData
Result: NOTE
'LazyData' is specified without a 'data' directory
Flavors: r-devel-linux-x86_64-debian-clang, r-devel-linux-x86_64-debian-gcc, r-devel-linux-x86_64-fedora-clang, r-devel-linux-x86_64-fedora-gcc, r-devel-windows-x86_64, r-patched-linux-x86_64, r-release-linux-x86_64, r-release-macos-arm64, r-release-macos-x86_64, r-release-windows-x86_64, r-oldrel-macos-arm64, r-oldrel-macos-x86_64, r-oldrel-windows-x86_64
Version: 0.1.0
Check: dependencies in R code
Result: NOTE
Namespaces in Imports field not imported from:
‘epitools’ ‘rpivotTable’ ‘shinyMatrix’
All declared Imports should be used.
Flavors: r-devel-linux-x86_64-fedora-clang, r-devel-linux-x86_64-fedora-gcc, r-oldrel-macos-arm64, r-oldrel-macos-x86_64