Last updated on 2023-12-03 04:56:03 CET.
Flavor | Version | Tinstall | Tcheck | Ttotal | Status | Flags |
---|---|---|---|---|---|---|
r-devel-linux-x86_64-debian-clang | 5.1.1 | 50.89 | 278.26 | 329.15 | OK | |
r-devel-linux-x86_64-debian-gcc | 5.1.1 | 42.64 | 200.11 | 242.75 | OK | |
r-devel-linux-x86_64-fedora-clang | 5.1.1 | 436.38 | NOTE | |||
r-devel-linux-x86_64-fedora-gcc | 5.1.1 | 426.91 | OK | |||
r-devel-windows-x86_64 | 5.1.1 | 54.00 | 210.00 | 264.00 | OK | |
r-patched-linux-x86_64 | 5.1.1 | 50.33 | 262.86 | 313.19 | OK | |
r-release-linux-x86_64 | 5.1.1 | 56.21 | 261.10 | 317.31 | OK | |
r-release-macos-arm64 | 5.1.1 | 132.00 | OK | |||
r-release-macos-x86_64 | 5.1.1 | 240.00 | OK | |||
r-release-windows-x86_64 | 5.1.1 | 65.00 | 269.00 | 334.00 | OK | |
r-oldrel-macos-arm64 | 5.1.1 | 130.00 | OK | |||
r-oldrel-macos-x86_64 | 5.1.1 | 153.00 | OK | |||
r-oldrel-windows-x86_64 | 5.1.1 | 60.00 | 257.00 | 317.00 | OK |
Version: 5.1.1
Check: installed package size
Result: NOTE
installed size is 6.4Mb
sub-directories of 1Mb or more:
data 1.9Mb
doc 1.4Mb
libs 2.1Mb
Flavor: r-devel-linux-x86_64-fedora-clang