CRAN Package Check Results for Package CSTools

Last updated on 2024-06-14 05:58:19 CEST.

Flavor Version Tinstall Tcheck Ttotal Status Flags
r-devel-linux-x86_64-debian-clang 5.2.0 56.77 276.89 333.66 OK
r-devel-linux-x86_64-debian-gcc 5.2.0 0.71 1.99 2.70 ERROR
r-devel-linux-x86_64-fedora-clang 5.2.0 419.43 NOTE
r-devel-linux-x86_64-fedora-gcc 5.2.0 407.28 OK
r-devel-windows-x86_64 5.2.0 50.00 211.00 261.00 OK
r-patched-linux-x86_64 5.2.0 54.65 266.33 320.98 OK
r-release-linux-x86_64 5.2.0 49.19 271.70 320.89 OK
r-release-macos-arm64 5.2.0 110.00 OK
r-release-macos-x86_64 5.2.0 166.00 OK
r-release-windows-x86_64 5.2.0 52.00 213.00 265.00 OK
r-oldrel-macos-arm64 5.2.0 119.00 OK
r-oldrel-macos-x86_64 5.2.0 240.00 OK
r-oldrel-windows-x86_64 5.2.0 65.00 269.00 334.00 OK

Check Details

Version: 5.2.0
Check: package dependencies
Result: ERROR Packages required but not available: 'reshape2', 'ggplot2', 'lubridate' Package suggested but not available for checking: ‘testthat’ See section ‘The DESCRIPTION file’ in the ‘Writing R Extensions’ manual. Flavor: r-devel-linux-x86_64-debian-gcc

Version: 5.2.0
Check: installed package size
Result: NOTE installed size is 6.6Mb sub-directories of 1Mb or more: data 1.9Mb doc 1.6Mb libs 2.2Mb Flavor: r-devel-linux-x86_64-fedora-clang