Last updated on 2023-12-09 04:50:47 CET.
Flavor | Version | Tinstall | Tcheck | Ttotal | Status | Flags |
---|---|---|---|---|---|---|
r-devel-linux-x86_64-debian-clang | 2.0.0 | 26.57 | 85.23 | 111.80 | NOTE | |
r-devel-linux-x86_64-debian-gcc | 2.0.0 | 18.43 | 66.46 | 84.89 | NOTE | |
r-devel-linux-x86_64-fedora-clang | 2.0.0 | 150.49 | NOTE | |||
r-devel-linux-x86_64-fedora-gcc | 2.0.0 | 142.35 | NOTE | |||
r-devel-windows-x86_64 | 2.0.0 | 24.00 | 98.00 | 122.00 | NOTE | |
r-patched-linux-x86_64 | 2.0.0 | 16.40 | 85.23 | 101.63 | OK | |
r-release-linux-x86_64 | 2.0.0 | 17.53 | 84.91 | 102.44 | OK | |
r-release-macos-arm64 | 2.0.0 | 47.00 | OK | |||
r-release-macos-x86_64 | 2.0.0 | 74.00 | OK | |||
r-release-windows-x86_64 | 2.0.0 | 31.00 | 113.00 | 144.00 | OK | |
r-oldrel-macos-arm64 | 2.0.0 | 45.00 | OK | |||
r-oldrel-macos-x86_64 | 2.0.0 | 69.00 | OK | |||
r-oldrel-windows-x86_64 | 2.0.0 | 29.00 | 112.00 | 141.00 | OK |
Version: 2.0.0
Check: Rd \usage sections
Result: NOTE
Documented arguments not in \usage in Rd file 'tool.Rd':
‘seq’
Functions with \usage entries need to have the appropriate \alias
entries, and all their arguments documented.
The \usage entries must correspond to syntactically valid R code.
See chapter ‘Writing R documentation files’ in the ‘Writing R
Extensions’ manual.
Flavors: r-devel-linux-x86_64-debian-clang, r-devel-linux-x86_64-debian-gcc, r-devel-linux-x86_64-fedora-clang, r-devel-linux-x86_64-fedora-gcc, r-devel-windows-x86_64