CRAN Package Check Results for Package CPGLIB

Last updated on 2024-02-23 05:07:17 CET.

Flavor Version Tinstall Tcheck Ttotal Status Flags
r-devel-linux-x86_64-debian-clang 1.1.1 OK
r-devel-linux-x86_64-debian-gcc 1.1.1 120.51 29.30 149.81 OK
r-devel-linux-x86_64-fedora-clang 1.1.1 281.90 OK
r-devel-linux-x86_64-fedora-gcc 1.1.1 283.68 OK
r-devel-windows-x86_64 1.1.1 116.00 74.00 190.00 NOTE
r-patched-linux-x86_64 1.1.1 146.26 37.51 183.77 OK
r-release-linux-x86_64 1.1.1 152.26 37.74 190.00 OK
r-release-macos-arm64 1.1.1 66.00 NOTE
r-release-macos-x86_64 1.1.1 122.00 NOTE
r-release-windows-x86_64 1.1.1 147.00 84.00 231.00 NOTE
r-oldrel-macos-arm64 1.1.1 62.00 NOTE
r-oldrel-windows-x86_64 1.1.1 136.00 82.00 218.00 OK

Check Details

Version: 1.1.1
Check: C++ specification
Result: NOTE Specified C++11: please drop specification unless essential Flavors: r-devel-windows-x86_64, r-release-windows-x86_64

Version: 1.1.1
Check: installed package size
Result: NOTE installed size is 5.5Mb sub-directories of 1Mb or more: libs 5.3Mb Flavors: r-release-macos-arm64, r-release-macos-x86_64, r-oldrel-macos-arm64