CRAN Package Check Results for Package CNVScope

Last updated on 2024-06-14 05:58:18 CEST.

Flavor Version Tinstall Tcheck Ttotal Status Flags
r-devel-linux-x86_64-debian-clang 3.7.2 71.28 807.19 878.47 NOTE
r-devel-linux-x86_64-debian-gcc 3.7.2 0.53 1.93 2.46 ERROR
r-devel-linux-x86_64-fedora-clang 3.7.2 1185.75 NOTE
r-devel-linux-x86_64-fedora-gcc 3.7.2 892.22 NOTE
r-devel-windows-x86_64 3.7.2 65.00 537.00 602.00 NOTE
r-patched-linux-x86_64 3.7.2 66.16 778.75 844.91 NOTE
r-release-linux-x86_64 3.7.2 70.65 787.72 858.37 NOTE
r-release-macos-arm64 3.7.2 332.00 NOTE
r-release-macos-x86_64 3.7.2 516.00 NOTE
r-release-windows-x86_64 3.7.2 73.00 612.00 685.00 NOTE
r-oldrel-macos-arm64 3.7.2 5.00 ERROR
r-oldrel-macos-x86_64 3.7.2 539.00 NOTE
r-oldrel-windows-x86_64 3.7.2 94.00 730.00 824.00 NOTE

Check Details

Version: 3.7.2
Check: package dependencies
Result: NOTE Package suggested but not available for checking: ‘HiCseg’ Flavors: r-devel-linux-x86_64-debian-clang, r-devel-linux-x86_64-fedora-clang, r-devel-linux-x86_64-fedora-gcc, r-patched-linux-x86_64, r-release-linux-x86_64

Version: 3.7.2
Check: package dependencies
Result: ERROR Packages required but not available: 'ggplot2', 'tidyr', 'reshape2', 'GenomicInteractions', 'biomaRt', 'dplyr', 'stringr', 'Hmisc' Packages suggested but not available for checking: 'HiCseg', 'igraph', 'plotly', 'GenomicFeatures', 'heatmaply', 'tibble' See section ‘The DESCRIPTION file’ in the ‘Writing R Extensions’ manual. Flavor: r-devel-linux-x86_64-debian-gcc

Version: 3.7.2
Check: installed package size
Result: NOTE installed size is 5.3Mb sub-directories of 1Mb or more: doc 3.2Mb extdata 1.7Mb Flavors: r-devel-linux-x86_64-fedora-clang, r-devel-windows-x86_64, r-release-macos-arm64, r-release-macos-x86_64, r-release-windows-x86_64, r-oldrel-macos-x86_64, r-oldrel-windows-x86_64

Version: 3.7.2
Check: dependencies in R code
Result: NOTE Namespace in Imports field not imported from: 'Hmisc' All declared Imports should be used. Flavors: r-devel-linux-x86_64-fedora-clang, r-devel-linux-x86_64-fedora-gcc

Version: 3.7.2
Check: package dependencies
Result: NOTE Package suggested but not available for checking: ‘BSgenome.Hsapiens.UCSC.hg19’ Flavors: r-release-macos-arm64, r-release-macos-x86_64, r-oldrel-macos-x86_64

Version: 3.7.2
Check: package dependencies
Result: ERROR Package required but not available: ‘GenomicInteractions’ Packages suggested but not available for checking: 'InteractionSet', 'BSgenome.Hsapiens.UCSC.hg19' See section ‘The DESCRIPTION file’ in the ‘Writing R Extensions’ manual. Flavor: r-oldrel-macos-arm64