CRAN Package Check Results for Package CIplot

Last updated on 2024-07-19 05:57:30 CEST.

Flavor Version Tinstall Tcheck Ttotal Status Flags
r-devel-linux-x86_64-debian-clang 1.0 8.67 64.80 73.47 NOTE
r-devel-linux-x86_64-debian-gcc 1.0 5.48 49.21 54.69 NOTE
r-devel-linux-x86_64-fedora-clang 1.0 96.00 NOTE
r-devel-linux-x86_64-fedora-gcc 1.0 91.30 NOTE
r-devel-windows-x86_64 1.0 7.00 67.00 74.00 NOTE
r-patched-linux-x86_64 1.0 7.47 61.78 69.25 NOTE
r-release-linux-x86_64 1.0 5.89 61.71 67.60 NOTE
r-release-macos-arm64 1.0 29.00 NOTE
r-release-macos-x86_64 1.0 48.00 NOTE
r-release-windows-x86_64 1.0 6.00 64.00 70.00 NOTE
r-oldrel-macos-arm64 1.0 35.00 NOTE
r-oldrel-macos-x86_64 1.0 50.00 NOTE
r-oldrel-windows-x86_64 1.0 9.00 75.00 84.00 NOTE

Check Details

Version: 1.0
Check: package dependencies
Result: NOTE Package suggested but not available for checking: ‘userfriendlyscience’ Flavors: r-devel-linux-x86_64-debian-clang, r-devel-linux-x86_64-debian-gcc, r-devel-linux-x86_64-fedora-clang, r-devel-linux-x86_64-fedora-gcc, r-devel-windows-x86_64, r-patched-linux-x86_64, r-release-linux-x86_64, r-release-macos-arm64, r-release-macos-x86_64, r-release-windows-x86_64, r-oldrel-macos-arm64, r-oldrel-macos-x86_64, r-oldrel-windows-x86_64

Version: 1.0
Check: Rd files
Result: NOTE checkRd: (-1) CIplot.Rd:58: Lost braces; missing escapes or markup? 58 | \item{las}{numeric in {0,1,2,3}; the style of axis labels. | ^ Flavors: r-devel-linux-x86_64-debian-clang, r-devel-linux-x86_64-debian-gcc, r-devel-linux-x86_64-fedora-clang, r-devel-linux-x86_64-fedora-gcc, r-devel-windows-x86_64, r-patched-linux-x86_64, r-release-linux-x86_64, r-release-macos-arm64, r-release-macos-x86_64, r-release-windows-x86_64