Last updated on 2023-12-02 04:52:08 CET.
Flavor | Version | Tinstall | Tcheck | Ttotal | Status | Flags |
---|---|---|---|---|---|---|
r-devel-linux-x86_64-debian-clang | 1.0 | 5.69 | 65.28 | 70.97 | NOTE | |
r-devel-linux-x86_64-debian-gcc | 1.0 | 6.02 | 50.20 | 56.22 | NOTE | |
r-devel-linux-x86_64-fedora-clang | 1.0 | 91.27 | NOTE | |||
r-devel-linux-x86_64-fedora-gcc | 1.0 | 87.83 | NOTE | |||
r-devel-windows-x86_64 | 1.0 | 8.00 | 66.00 | 74.00 | NOTE | |
r-patched-linux-x86_64 | 1.0 | 8.65 | 63.19 | 71.84 | NOTE | |
r-release-linux-x86_64 | 1.0 | 7.52 | 63.04 | 70.56 | NOTE | |
r-release-macos-arm64 | 1.0 | 35.00 | NOTE | |||
r-release-macos-x86_64 | 1.0 | 50.00 | NOTE | |||
r-release-windows-x86_64 | 1.0 | 9.00 | 73.00 | 82.00 | NOTE | |
r-oldrel-macos-arm64 | 1.0 | 28.00 | NOTE | |||
r-oldrel-macos-x86_64 | 1.0 | 40.00 | NOTE | |||
r-oldrel-windows-x86_64 | 1.0 | 9.00 | 77.00 | 86.00 | NOTE |
Version: 1.0
Check: package dependencies
Result: NOTE
Package suggested but not available for checking: ‘userfriendlyscience’
Flavors: r-devel-linux-x86_64-debian-clang, r-devel-linux-x86_64-debian-gcc, r-devel-linux-x86_64-fedora-clang, r-devel-linux-x86_64-fedora-gcc, r-devel-windows-x86_64, r-patched-linux-x86_64, r-release-linux-x86_64, r-release-macos-arm64, r-release-macos-x86_64, r-release-windows-x86_64, r-oldrel-macos-arm64, r-oldrel-macos-x86_64, r-oldrel-windows-x86_64
Version: 1.0
Check: Rd files
Result: NOTE
checkRd: (-1) CIplot.Rd:58: Lost braces; missing escapes or markup?
58 | \item{las}{numeric in {0,1,2,3}; the style of axis labels.
| ^
Flavors: r-devel-linux-x86_64-debian-clang, r-devel-linux-x86_64-debian-gcc