Last updated on 2023-12-09 04:50:46 CET.
Flavor | Version | Tinstall | Tcheck | Ttotal | Status | Flags |
---|---|---|---|---|---|---|
r-devel-linux-x86_64-debian-clang | 1.2.0 | 18.91 | 147.22 | 166.13 | OK | |
r-devel-linux-x86_64-debian-gcc | 1.2.0 | 14.60 | 106.42 | 121.02 | OK | |
r-devel-linux-x86_64-fedora-clang | 1.2.0 | 211.47 | NOTE | |||
r-devel-linux-x86_64-fedora-gcc | 1.2.0 | 194.36 | NOTE | |||
r-devel-windows-x86_64 | 1.2.0 | 17.00 | 127.00 | 144.00 | OK | |
r-patched-linux-x86_64 | 1.2.0 | 19.01 | 138.35 | 157.36 | OK | |
r-release-linux-x86_64 | 1.2.0 | 13.04 | 137.41 | 150.45 | OK | |
r-release-macos-arm64 | 1.2.0 | 60.00 | OK | |||
r-release-macos-x86_64 | 1.2.0 | 95.00 | OK | |||
r-release-windows-x86_64 | 1.2.0 | 23.00 | 152.00 | 175.00 | OK | |
r-oldrel-macos-arm64 | 1.2.0 | 59.00 | NOTE | |||
r-oldrel-macos-x86_64 | 1.2.0 | 82.00 | NOTE | |||
r-oldrel-windows-x86_64 | 1.2.0 | 23.00 | 148.00 | 171.00 | OK |
Version: 1.2.0
Check: dependencies in R code
Result: NOTE
Namespace in Imports field not imported from: ‘magrittr’
All declared Imports should be used.
Flavors: r-devel-linux-x86_64-fedora-clang, r-devel-linux-x86_64-fedora-gcc, r-oldrel-macos-arm64, r-oldrel-macos-x86_64