CRAN Package Check Results for Package CHNOSZ

Last updated on 2024-02-29 04:54:10 CET.

Flavor Version Tinstall Tcheck Ttotal Status Flags
r-devel-linux-x86_64-debian-clang 2.1.0 22.79 375.08 397.87 OK
r-devel-linux-x86_64-debian-gcc 2.1.0 15.51 274.80 290.31 OK
r-devel-linux-x86_64-fedora-clang 2.1.0 503.29 NOTE
r-devel-linux-x86_64-fedora-gcc 2.1.0 498.73 OK
r-devel-windows-x86_64 2.1.0 22.00 449.00 471.00 OK
r-patched-linux-x86_64 2.1.0 26.20 363.58 389.78 OK
r-release-linux-x86_64 2.1.0 22.54 367.97 390.51 OK
r-release-macos-arm64 2.1.0 179.00 OK
r-release-macos-x86_64 2.1.0 618.00 OK
r-release-windows-x86_64 2.1.0 22.00 537.00 559.00 OK
r-oldrel-macos-arm64 2.1.0 190.00 NOTE
r-oldrel-windows-x86_64 2.1.0 31.00 527.00 558.00 OK

Check Details

Version: 2.1.0
Check: installed package size
Result: NOTE installed size is 6.8Mb sub-directories of 1Mb or more: doc 2.1Mb libs 2.0Mb Flavors: r-devel-linux-x86_64-fedora-clang, r-oldrel-macos-arm64