Last updated on 2023-12-10 04:55:53 CET.
Flavor | Version | Tinstall | Tcheck | Ttotal | Status | Flags |
---|---|---|---|---|---|---|
r-devel-linux-x86_64-debian-clang | 1.0.3 | 41.37 | 249.91 | 291.28 | NOTE | |
r-devel-linux-x86_64-debian-gcc | 1.0.3 | 28.71 | 178.45 | 207.16 | NOTE | |
r-devel-linux-x86_64-fedora-clang | 1.0.3 | 370.34 | NOTE | |||
r-devel-linux-x86_64-fedora-gcc | 1.0.3 | 358.57 | NOTE | |||
r-devel-windows-x86_64 | 1.0.3 | 34.00 | 297.00 | 331.00 | NOTE | |
r-patched-linux-x86_64 | 1.0.3 | 35.69 | 242.29 | 277.98 | NOTE | |
r-release-linux-x86_64 | 1.0.3 | 39.34 | 242.39 | 281.73 | NOTE | |
r-release-macos-arm64 | 1.0.3 | 91.00 | NOTE | |||
r-release-macos-x86_64 | 1.0.3 | 196.00 | NOTE | |||
r-release-windows-x86_64 | 1.0.3 | 43.00 | 322.00 | 365.00 | NOTE | |
r-oldrel-macos-arm64 | 1.0.3 | 88.00 | OK | |||
r-oldrel-macos-x86_64 | 1.0.3 | 133.00 | OK | |||
r-oldrel-windows-x86_64 | 1.0.3 | 42.00 | 316.00 | 358.00 | OK |
Version: 1.0.3
Check: C++ specification
Result: NOTE
Specified C++11: please drop specification unless essential
Flavors: r-devel-linux-x86_64-debian-clang, r-devel-linux-x86_64-debian-gcc, r-devel-linux-x86_64-fedora-clang, r-devel-linux-x86_64-fedora-gcc, r-devel-windows-x86_64, r-patched-linux-x86_64, r-release-linux-x86_64, r-release-macos-arm64, r-release-macos-x86_64, r-release-windows-x86_64
Version: 1.0.3
Check: Rd files
Result: NOTE
checkRd: (-1) CGGP_internal_calcpw.Rd:22: Lost braces; missing escapes or markup?
22 | Predictive weights are Sigma^{-1}*y in standard GP.
| ^
Flavors: r-devel-linux-x86_64-debian-clang, r-devel-linux-x86_64-debian-gcc