Last updated on 2023-12-07 04:56:18 CET.
Flavor | Version | Tinstall | Tcheck | Ttotal | Status | Flags |
---|---|---|---|---|---|---|
r-devel-linux-x86_64-debian-clang | 0.1.1 | 174.80 | 163.62 | 338.42 | NOTE | |
r-devel-linux-x86_64-debian-gcc | 0.1.1 | 141.66 | 128.44 | 270.10 | NOTE | |
r-devel-linux-x86_64-fedora-clang | 0.1.1 | 423.13 | NOTE | |||
r-devel-linux-x86_64-fedora-gcc | 0.1.1 | 511.00 | NOTE | |||
r-devel-windows-x86_64 | 0.1.1 | 140.00 | 139.00 | 279.00 | NOTE | |
r-patched-linux-x86_64 | 0.1.1 | 117.93 | 168.85 | 286.78 | NOTE | |
r-release-linux-x86_64 | 0.1.1 | 174.38 | 168.00 | 342.38 | NOTE | |
r-release-macos-arm64 | 0.1.1 | 99.00 | NOTE | |||
r-release-macos-x86_64 | 0.1.1 | 171.00 | NOTE | |||
r-release-windows-x86_64 | 0.1.1 | 176.00 | 177.00 | 353.00 | NOTE | |
r-oldrel-macos-arm64 | 0.1.1 | 92.00 | NOTE | |||
r-oldrel-macos-x86_64 | 0.1.1 | 135.00 | NOTE | |||
r-oldrel-windows-x86_64 | 0.1.1 | 159.00 | 176.00 | 335.00 | NOTE |
Version: 0.1.1
Check: for GNU extensions in Makefiles
Result: NOTE
GNU make is a SystemRequirements.
Flavors: r-devel-linux-x86_64-debian-clang, r-devel-linux-x86_64-debian-gcc, r-devel-linux-x86_64-fedora-clang, r-devel-linux-x86_64-fedora-gcc, r-devel-windows-x86_64, r-patched-linux-x86_64, r-release-linux-x86_64, r-release-macos-arm64, r-release-macos-x86_64, r-release-windows-x86_64, r-oldrel-macos-arm64, r-oldrel-macos-x86_64, r-oldrel-windows-x86_64
Version: 0.1.1
Check: dependencies in R code
Result: NOTE
Namespace in Imports field not imported from: ‘rstantools’
All declared Imports should be used.
Flavors: r-devel-linux-x86_64-fedora-clang, r-devel-linux-x86_64-fedora-gcc
Version: 0.1.1
Check: installed package size
Result: NOTE
installed size is 38.3Mb
sub-directories of 1Mb or more:
libs 38.0Mb
Flavors: r-release-macos-arm64, r-release-macos-x86_64, r-oldrel-macos-arm64, r-oldrel-macos-x86_64