CRAN Package Check Results for Package BusinessDuration

Last updated on 2024-07-22 05:49:47 CEST.

Flavor Version Tinstall Tcheck Ttotal Status Flags
r-devel-linux-x86_64-debian-clang 0.2.0 2.19 21.81 24.00 NOTE
r-devel-linux-x86_64-debian-gcc 0.2.0 1.71 16.80 18.51 NOTE
r-devel-linux-x86_64-fedora-clang 0.2.0 30.81 NOTE
r-devel-linux-x86_64-fedora-gcc 0.2.0 28.91 NOTE
r-devel-windows-x86_64 0.2.0 3.00 38.00 41.00 NOTE
r-patched-linux-x86_64 0.2.0 2.52 20.76 23.28 NOTE
r-release-linux-x86_64 0.2.0 2.43 21.06 23.49 NOTE
r-release-macos-arm64 0.2.0 14.00 NOTE
r-release-macos-x86_64 0.2.0 21.00 NOTE
r-release-windows-x86_64 0.2.0 3.00 38.00 41.00 NOTE
r-oldrel-macos-arm64 0.2.0 15.00 NOTE
r-oldrel-macos-x86_64 0.2.0 19.00 NOTE
r-oldrel-windows-x86_64 0.2.0 3.00 40.00 43.00 NOTE

Check Details

Version: 0.2.0
Check: LazyData
Result: NOTE 'LazyData' is specified without a 'data' directory Flavors: r-devel-linux-x86_64-debian-clang, r-devel-linux-x86_64-debian-gcc, r-devel-linux-x86_64-fedora-clang, r-devel-linux-x86_64-fedora-gcc, r-devel-windows-x86_64, r-patched-linux-x86_64, r-release-linux-x86_64, r-release-macos-arm64, r-release-macos-x86_64, r-release-windows-x86_64, r-oldrel-macos-arm64, r-oldrel-macos-x86_64, r-oldrel-windows-x86_64