Last updated on 2025-04-23 05:49:47 CEST.
Flavor | Version | Tinstall | Tcheck | Ttotal | Status | Flags |
---|---|---|---|---|---|---|
r-devel-linux-x86_64-debian-clang | 1.0.3 | 61.21 | 34.04 | 95.25 | OK | |
r-devel-linux-x86_64-debian-gcc | 1.0.3 | 45.67 | 25.71 | 71.38 | OK | |
r-devel-linux-x86_64-fedora-clang | 1.0.3 | 145.27 | OK | |||
r-devel-linux-x86_64-fedora-gcc | 1.0.3 | 175.61 | OK | |||
r-devel-windows-x86_64 | 1.0.3 | 55.00 | 76.00 | 131.00 | OK | |
r-patched-linux-x86_64 | 1.0.3 | 63.07 | 33.38 | 96.45 | OK | |
r-release-linux-x86_64 | 1.0.3 | 67.45 | 33.16 | 100.61 | OK | |
r-release-macos-arm64 | 1.0.3 | 49.00 | OK | |||
r-release-macos-x86_64 | 1.0.3 | 65.00 | OK | |||
r-release-windows-x86_64 | 1.0.3 | 54.00 | 76.00 | 130.00 | OK | |
r-oldrel-macos-arm64 | 1.0.3 | 36.00 | OK | |||
r-oldrel-macos-x86_64 | 1.0.3 | 51.00 | NOTE | |||
r-oldrel-windows-x86_64 | 1.0.3 | 71.00 | 88.00 | 159.00 | OK |
Version: 1.0.3
Check: installed package size
Result: NOTE
installed size is 5.1Mb
sub-directories of 1Mb or more:
libs 4.7Mb
Flavor: r-oldrel-macos-x86_64