CRAN Package Check Results for Package BivGeo

Last updated on 2024-06-14 05:58:16 CEST.

Flavor Version Tinstall Tcheck Ttotal Status Flags
r-devel-linux-x86_64-debian-clang 2.0.1 2.57 24.81 27.38 NOTE
r-devel-linux-x86_64-debian-gcc 2.0.1 2.15 19.56 21.71 NOTE
r-devel-linux-x86_64-fedora-clang 2.0.1 34.99 NOTE
r-devel-linux-x86_64-fedora-gcc 2.0.1 33.75 NOTE
r-devel-windows-x86_64 2.0.1 3.00 41.00 44.00 NOTE
r-patched-linux-x86_64 2.0.1 3.21 25.30 28.51 NOTE
r-release-linux-x86_64 2.0.1 2.58 23.95 26.53 NOTE
r-release-macos-arm64 2.0.1 16.00 NOTE
r-release-macos-x86_64 2.0.1 20.00 NOTE
r-release-windows-x86_64 2.0.1 3.00 40.00 43.00 NOTE
r-oldrel-macos-arm64 2.0.1 15.00 NOTE
r-oldrel-macos-x86_64 2.0.1 20.00 NOTE
r-oldrel-windows-x86_64 2.0.1 4.00 41.00 45.00 NOTE

Check Details

Version: 2.0.1
Check: LazyData
Result: NOTE 'LazyData' is specified without a 'data' directory Flavors: r-devel-linux-x86_64-debian-clang, r-devel-linux-x86_64-debian-gcc, r-devel-linux-x86_64-fedora-clang, r-devel-linux-x86_64-fedora-gcc, r-devel-windows-x86_64, r-patched-linux-x86_64, r-release-linux-x86_64, r-release-macos-arm64, r-release-macos-x86_64, r-release-windows-x86_64, r-oldrel-macos-arm64, r-oldrel-macos-x86_64, r-oldrel-windows-x86_64