CRAN Package Check Results for Package BivGeo

Last updated on 2023-12-10 04:55:52 CET.

Flavor Version Tinstall Tcheck Ttotal Status Flags
r-devel-linux-x86_64-debian-clang 2.0.1 2.85 24.72 27.57 NOTE
r-devel-linux-x86_64-debian-gcc 2.0.1 1.78 19.12 20.90 NOTE
r-devel-linux-x86_64-fedora-clang 2.0.1 34.73 NOTE
r-devel-linux-x86_64-fedora-gcc 2.0.1 33.07 NOTE
r-devel-windows-x86_64 2.0.1 3.00 42.00 45.00 NOTE
r-patched-linux-x86_64 2.0.1 2.76 24.50 27.26 NOTE
r-release-linux-x86_64 2.0.1 2.45 24.26 26.71 NOTE
r-release-macos-arm64 2.0.1 15.00 NOTE
r-release-macos-x86_64 2.0.1 20.00 NOTE
r-release-windows-x86_64 2.0.1 4.00 41.00 45.00 NOTE
r-oldrel-macos-arm64 2.0.1 16.00 NOTE
r-oldrel-macos-x86_64 2.0.1 22.00 NOTE
r-oldrel-windows-x86_64 2.0.1 6.00 48.00 54.00 NOTE

Check Details

Version: 2.0.1
Check: LazyData
Result: NOTE 'LazyData' is specified without a 'data' directory Flavors: r-devel-linux-x86_64-debian-clang, r-devel-linux-x86_64-debian-gcc, r-devel-linux-x86_64-fedora-clang, r-devel-linux-x86_64-fedora-gcc, r-devel-windows-x86_64, r-patched-linux-x86_64, r-release-linux-x86_64, r-release-macos-arm64, r-release-macos-x86_64, r-release-windows-x86_64, r-oldrel-macos-arm64, r-oldrel-macos-x86_64, r-oldrel-windows-x86_64