Last updated on 2023-12-03 04:56:01 CET.
Flavor | Version | Tinstall | Tcheck | Ttotal | Status | Flags |
---|---|---|---|---|---|---|
r-devel-linux-x86_64-debian-clang | 0.2.10 | 33.39 | 60.77 | 94.16 | NOTE | |
r-devel-linux-x86_64-debian-gcc | 0.2.10 | 22.13 | 45.56 | 67.69 | NOTE | |
r-devel-linux-x86_64-fedora-clang | 0.2.10 | 127.77 | NOTE | |||
r-devel-linux-x86_64-fedora-gcc | 0.2.10 | 132.83 | NOTE | |||
r-devel-windows-x86_64 | 0.2.10 | 28.00 | 93.00 | 121.00 | NOTE | |
r-patched-linux-x86_64 | 0.2.10 | 28.94 | 57.25 | 86.19 | NOTE | |
r-release-linux-x86_64 | 0.2.10 | 26.31 | 57.35 | 83.66 | NOTE | |
r-release-macos-arm64 | 0.2.10 | 45.00 | NOTE | |||
r-release-macos-x86_64 | 0.2.10 | 66.00 | NOTE | |||
r-release-windows-x86_64 | 0.2.10 | 36.00 | 101.00 | 137.00 | NOTE | |
r-oldrel-macos-arm64 | 0.2.10 | 38.00 | NOTE | |||
r-oldrel-macos-x86_64 | 0.2.10 | 68.00 | NOTE | |||
r-oldrel-windows-x86_64 | 0.2.10 | 32.00 | 94.00 | 126.00 | NOTE |
Version: 0.2.10
Check: LazyData
Result: NOTE
'LazyData' is specified without a 'data' directory
Flavors: r-devel-linux-x86_64-debian-clang, r-devel-linux-x86_64-debian-gcc, r-devel-linux-x86_64-fedora-clang, r-devel-linux-x86_64-fedora-gcc, r-devel-windows-x86_64, r-patched-linux-x86_64, r-release-linux-x86_64, r-release-macos-arm64, r-release-macos-x86_64, r-release-windows-x86_64, r-oldrel-macos-arm64, r-oldrel-macos-x86_64, r-oldrel-windows-x86_64