CRAN Package Check Results for Package Bioi

Last updated on 2024-06-13 05:58:58 CEST.

Flavor Version Tinstall Tcheck Ttotal Status Flags
r-devel-linux-x86_64-debian-clang 0.2.10 33.04 63.28 96.32 NOTE
r-devel-linux-x86_64-debian-gcc 0.2.10 0.38 1.84 2.22 ERROR
r-devel-linux-x86_64-fedora-clang 0.2.10 134.80 NOTE
r-devel-linux-x86_64-fedora-gcc 0.2.10 141.03 NOTE
r-devel-windows-x86_64 0.2.10 29.00 90.00 119.00 NOTE
r-patched-linux-x86_64 0.2.10 30.45 59.84 90.29 NOTE
r-release-linux-x86_64 0.2.10 28.11 60.13 88.24 NOTE
r-release-macos-arm64 0.2.10 43.00 NOTE
r-release-macos-x86_64 0.2.10 60.00 NOTE
r-release-windows-x86_64 0.2.10 28.00 98.00 126.00 NOTE
r-oldrel-macos-arm64 0.2.10 45.00 NOTE
r-oldrel-macos-x86_64 0.2.10 66.00 NOTE
r-oldrel-windows-x86_64 0.2.10 35.00 98.00 133.00 NOTE

Check Details

Version: 0.2.10
Check: LazyData
Result: NOTE 'LazyData' is specified without a 'data' directory Flavors: r-devel-linux-x86_64-debian-clang, r-devel-linux-x86_64-fedora-clang, r-devel-linux-x86_64-fedora-gcc, r-devel-windows-x86_64, r-patched-linux-x86_64, r-release-linux-x86_64, r-release-macos-arm64, r-release-macos-x86_64, r-release-windows-x86_64, r-oldrel-macos-arm64, r-oldrel-macos-x86_64, r-oldrel-windows-x86_64

Version: 0.2.10
Check: package dependencies
Result: ERROR Packages required but not available: 'dplyr', 'igraph' Packages suggested but not available for checking: 'ggplot2', 'testthat' See section ‘The DESCRIPTION file’ in the ‘Writing R Extensions’ manual. Flavor: r-devel-linux-x86_64-debian-gcc