CRAN Package Check Results for Package Bergm

Last updated on 2024-06-14 05:58:16 CEST.

Flavor Version Tinstall Tcheck Ttotal Status Flags
r-devel-linux-x86_64-debian-clang 5.0.7 11.50 103.70 115.20 OK
r-devel-linux-x86_64-debian-gcc 5.0.7 0.35 1.67 2.02 ERROR
r-devel-linux-x86_64-fedora-clang 5.0.7 145.99 OK
r-devel-linux-x86_64-fedora-gcc 5.0.7 142.98 OK
r-devel-windows-x86_64 5.0.7 12.00 91.00 103.00 OK
r-patched-linux-x86_64 5.0.7 12.11 99.04 111.15 OK
r-release-linux-x86_64 5.0.7 11.26 102.33 113.59 OK
r-release-macos-arm64 5.0.7 44.00 OK
r-release-macos-x86_64 5.0.7 76.00 OK
r-release-windows-x86_64 5.0.7 13.00 97.00 110.00 OK
r-oldrel-macos-arm64 5.0.7 49.00 OK
r-oldrel-macos-x86_64 5.0.7 79.00 OK
r-oldrel-windows-x86_64 5.0.7 16.00 164.00 180.00 OK

Check Details

Version: 5.0.7
Check: package dependencies
Result: ERROR Packages required but not available: 'ergm', 'network' See section ‘The DESCRIPTION file’ in the ‘Writing R Extensions’ manual. Flavor: r-devel-linux-x86_64-debian-gcc