CRAN Package Check Results for Package BenfordTests

Last updated on 2023-12-06 04:55:45 CET.

Flavor Version Tinstall Tcheck Ttotal Status Flags
r-devel-linux-x86_64-debian-clang 1.2.0 3.59 27.35 30.94 OK
r-devel-linux-x86_64-debian-gcc 1.2.0 2.86 21.55 24.41 OK
r-devel-linux-x86_64-fedora-clang 1.2.0 40.04 NOTE
r-devel-linux-x86_64-fedora-gcc 1.2.0 38.48 NOTE
r-devel-windows-x86_64 1.2.0 5.00 47.00 52.00 OK
r-patched-linux-x86_64 1.2.0 4.01 27.52 31.53 OK
r-release-linux-x86_64 1.2.0 3.50 27.12 30.62 OK
r-release-macos-arm64 1.2.0 18.00 OK
r-release-macos-x86_64 1.2.0 25.00 OK
r-release-windows-x86_64 1.2.0 6.00 49.00 55.00 OK
r-oldrel-macos-arm64 1.2.0 19.00 OK
r-oldrel-macos-x86_64 1.2.0 25.00 OK
r-oldrel-windows-x86_64 1.2.0 10.00 54.00 64.00 OK

Check Details

Version: 1.2.0
Check: compiled code
Result: NOTE File ‘BenfordTests/libs/BenfordTests.so’: Found no calls to: ‘R_registerRoutines’, ‘R_useDynamicSymbols’ It is good practice to register native routines and to disable symbol search. See ‘Writing portable packages’ in the ‘Writing R Extensions’ manual. Flavors: r-devel-linux-x86_64-fedora-clang, r-devel-linux-x86_64-fedora-gcc