Last updated on 2023-09-27 06:02:02 CEST.
Flavor | Version | Tinstall | Tcheck | Ttotal | Status | Flags |
---|---|---|---|---|---|---|
r-devel-linux-x86_64-debian-clang | 1.0.10 | 6.11 | 62.29 | 68.40 | NOTE | |
r-devel-linux-x86_64-debian-gcc | 1.0.10 | 4.66 | 49.12 | 53.78 | NOTE | |
r-devel-linux-x86_64-fedora-clang | 1.0.10 | 81.92 | NOTE | |||
r-devel-linux-x86_64-fedora-gcc | 1.0.10 | 85.77 | NOTE | |||
r-devel-windows-x86_64 | 1.0.10 | 11.00 | 70.00 | 81.00 | OK | |
r-patched-linux-x86_64 | 1.0.10 | 6.07 | 62.02 | 68.09 | NOTE | |
r-release-linux-x86_64 | 1.0.10 | 5.39 | 63.05 | 68.44 | NOTE | |
r-release-macos-arm64 | 1.0.10 | 32.00 | OK | |||
r-release-macos-x86_64 | 1.0.10 | 32.00 | OK | |||
r-release-windows-x86_64 | 1.0.10 | 7.00 | 78.00 | 85.00 | OK | |
r-oldrel-macos-arm64 | 1.0.10 | 32.00 | OK | |||
r-oldrel-macos-x86_64 | 1.0.10 | 48.00 | OK | |||
r-oldrel-windows-x86_64 | 1.0.10 | 8.00 | 85.00 | 93.00 | OK |
Version: 1.0.10
Check: for non-standard things in the check directory
Result: NOTE
Found the following files/directories:
‘fabiabreast.txt’
Flavors: r-devel-linux-x86_64-debian-clang, r-devel-linux-x86_64-debian-gcc, r-devel-linux-x86_64-fedora-clang, r-devel-linux-x86_64-fedora-gcc, r-patched-linux-x86_64, r-release-linux-x86_64