Last updated on 2023-09-30 06:08:34 CEST.
Flavor | Version | Tinstall | Tcheck | Ttotal | Status | Flags |
---|---|---|---|---|---|---|
r-devel-linux-x86_64-debian-clang | 1.1.3 | 364.24 | 282.79 | 647.03 | NOTE | |
r-devel-linux-x86_64-debian-gcc | 1.1.3 | 302.63 | 221.25 | 523.88 | NOTE | |
r-devel-linux-x86_64-fedora-clang | 1.1.3 | 798.52 | NOTE | |||
r-devel-linux-x86_64-fedora-gcc | 1.1.3 | 1004.45 | NOTE | |||
r-devel-windows-x86_64 | 1.1.3 | 286.00 | 257.00 | 543.00 | NOTE | |
r-patched-linux-x86_64 | 1.1.3 | 296.37 | 288.14 | 584.51 | NOTE | |
r-release-linux-x86_64 | 1.1.3 | 0.01 | 3.05 | 3.06 | ERROR | |
r-release-macos-arm64 | 1.1.3 | 171.00 | NOTE | |||
r-release-macos-x86_64 | 1.1.3 | 225.00 | NOTE | |||
r-release-windows-x86_64 | 1.1.3 | 386.00 | 319.00 | 705.00 | NOTE | |
r-oldrel-macos-arm64 | 1.1.3 | 174.00 | NOTE | |||
r-oldrel-macos-x86_64 | 1.1.3 | 265.00 | NOTE | |||
r-oldrel-windows-x86_64 | 1.1.3 | 363.00 | 301.00 | 664.00 | NOTE |
Version: 1.1.3
Check: for GNU extensions in Makefiles
Result: NOTE
GNU make is a SystemRequirements.
Flavors: r-devel-linux-x86_64-debian-clang, r-devel-linux-x86_64-debian-gcc, r-devel-linux-x86_64-fedora-clang, r-devel-linux-x86_64-fedora-gcc, r-devel-windows-x86_64, r-patched-linux-x86_64, r-release-macos-arm64, r-release-macos-x86_64, r-release-windows-x86_64, r-oldrel-macos-arm64, r-oldrel-macos-x86_64, r-oldrel-windows-x86_64
Version: 1.1.3
Check: whether package can be installed
Result: ERROR
Installation failed.
Flavor: r-release-linux-x86_64
Version: 1.1.3
Check: installed package size
Result: NOTE
installed size is 53.9Mb
sub-directories of 1Mb or more:
libs 53.0Mb
Flavors: r-release-macos-arm64, r-release-macos-x86_64, r-oldrel-macos-arm64, r-oldrel-macos-x86_64