CRAN Package Check Results for Package BayesTreePrior

Last updated on 2023-11-29 04:57:15 CET.

Flavor Version Tinstall Tcheck Ttotal Status Flags
r-devel-linux-x86_64-debian-clang 1.0.1 1.98 39.70 41.68 NOTE
r-devel-linux-x86_64-debian-gcc 1.0.1 2.02 30.49 32.51 NOTE
r-devel-linux-x86_64-fedora-clang 1.0.1 54.71 OK
r-devel-linux-x86_64-fedora-gcc 1.0.1 53.27 OK
r-devel-windows-x86_64 1.0.1 3.00 51.00 54.00 OK
r-patched-linux-x86_64 1.0.1 2.13 38.73 40.86 OK
r-release-linux-x86_64 1.0.1 2.58 39.12 41.70 OK
r-release-macos-arm64 1.0.1 21.00 OK
r-release-macos-x86_64 1.0.1 28.00 OK
r-release-windows-x86_64 1.0.1 3.00 54.00 57.00 OK
r-oldrel-macos-arm64 1.0.1 18.00 OK
r-oldrel-macos-x86_64 1.0.1 28.00 NOTE
r-oldrel-windows-x86_64 1.0.1 4.00 55.00 59.00 OK

Check Details

Version: 1.0.1
Check: Rd files
Result: NOTE checkRd: (-1) BayesTreePrior.Rd:38: Lost braces in \itemize; meant \describe ? checkRd: (-1) BayesTreePrior.Rd:39: Lost braces in \itemize; meant \describe ? checkRd: (-1) BayesTreePrior.Rd:40: Lost braces in \itemize; meant \describe ? checkRd: (-1) BayesTreePrior.Rd:41: Lost braces in \itemize; meant \describe ? Flavors: r-devel-linux-x86_64-debian-clang, r-devel-linux-x86_64-debian-gcc

Version: 1.0.1
Check: package dependencies
Result: NOTE Package suggested but not available for checking: ‘BayesTree’ Flavor: r-oldrel-macos-x86_64