Last updated on 2023-11-29 04:57:15 CET.
Flavor | Version | Tinstall | Tcheck | Ttotal | Status | Flags |
---|---|---|---|---|---|---|
r-devel-linux-x86_64-debian-clang | 1.1.2 | 127.50 | 302.30 | 429.80 | OK | |
r-devel-linux-x86_64-debian-gcc | 1.1.2 | 93.60 | 193.63 | 287.23 | OK | |
r-devel-linux-x86_64-fedora-clang | 1.1.2 | 581.22 | OK | |||
r-devel-linux-x86_64-fedora-gcc | 1.1.2 | 629.08 | OK | |||
r-devel-windows-x86_64 | 1.1.2 | 84.00 | 517.00 | 601.00 | OK | |
r-patched-linux-x86_64 | 1.1.1 | 111.07 | 310.25 | 421.32 | OK | |
r-release-linux-x86_64 | 1.1.1 | 106.94 | 303.49 | 410.43 | OK | |
r-release-macos-arm64 | 1.1.2 | 145.00 | NOTE | |||
r-release-macos-x86_64 | 1.1.2 | 329.00 | NOTE | |||
r-release-windows-x86_64 | 1.1.2 | 130.00 | 542.00 | 672.00 | OK | |
r-oldrel-macos-arm64 | 1.1.2 | 134.00 | NOTE | |||
r-oldrel-macos-x86_64 | 1.1.1 | 181.00 | NOTE | |||
r-oldrel-windows-x86_64 | 1.1.2 | 82.00 | 451.00 | 533.00 | OK |
Version: 1.1.2
Check: installed package size
Result: NOTE
installed size is 12.9Mb
sub-directories of 1Mb or more:
libs 12.6Mb
Flavors: r-release-macos-arm64, r-release-macos-x86_64, r-oldrel-macos-arm64
Version: 1.1.1
Check: installed package size
Result: NOTE
installed size is 13.8Mb
sub-directories of 1Mb or more:
libs 13.5Mb
Flavor: r-oldrel-macos-x86_64