Last updated on 2023-11-30 04:52:44 CET.
Flavor | Version | Tinstall | Tcheck | Ttotal | Status | Flags |
---|---|---|---|---|---|---|
r-devel-linux-x86_64-debian-clang | 0.1.1 | 2.42 | 26.34 | 28.76 | OK | |
r-devel-linux-x86_64-debian-gcc | 0.1.1 | 1.93 | 20.83 | 22.76 | OK | |
r-devel-linux-x86_64-fedora-clang | 0.1.1 | 37.06 | NOTE | |||
r-devel-linux-x86_64-fedora-gcc | 0.1.1 | 36.69 | NOTE | |||
r-devel-windows-x86_64 | 0.1.1 | 3.00 | 44.00 | 47.00 | OK | |
r-patched-linux-x86_64 | 0.1.1 | 2.59 | 26.17 | 28.76 | OK | |
r-release-linux-x86_64 | 0.1.1 | 1.85 | 26.35 | 28.20 | OK | |
r-release-macos-arm64 | 0.1.1 | 20.00 | OK | |||
r-release-macos-x86_64 | 0.1.1 | 23.00 | OK | |||
r-release-windows-x86_64 | 0.1.1 | 5.00 | 42.00 | 47.00 | OK | |
r-oldrel-macos-arm64 | 0.1.1 | 17.00 | NOTE | |||
r-oldrel-macos-x86_64 | 0.1.1 | 26.00 | NOTE | |||
r-oldrel-windows-x86_64 | 0.1.1 | 4.00 | 47.00 | 51.00 | OK |
Version: 0.1.1
Check: dependencies in R code
Result: NOTE
Namespace in Imports field not imported from: ‘plyr’
All declared Imports should be used.
Flavors: r-devel-linux-x86_64-fedora-clang, r-devel-linux-x86_64-fedora-gcc, r-oldrel-macos-arm64, r-oldrel-macos-x86_64