CRAN Package Check Results for Package BayesGPfit

Last updated on 2023-12-10 04:55:51 CET.

Flavor Version Tinstall Tcheck Ttotal Status Flags
r-devel-linux-x86_64-debian-clang 1.1.0 7.17 45.17 52.34 OK
r-devel-linux-x86_64-debian-gcc 1.1.0 5.63 36.70 42.33 OK
r-devel-linux-x86_64-fedora-clang 1.1.0 70.27 OK
r-devel-linux-x86_64-fedora-gcc 1.1.0 72.15 OK
r-devel-windows-x86_64 1.1.0 10.00 79.00 89.00 NOTE
r-patched-linux-x86_64 1.1.0 7.62 47.58 55.20 OK
r-release-linux-x86_64 1.1.0 8.59 47.97 56.56 OK
r-release-macos-arm64 1.1.0 28.00 OK
r-release-macos-x86_64 1.1.0 47.00 OK
r-release-windows-x86_64 1.1.0 11.00 91.00 102.00 NOTE
r-oldrel-macos-arm64 1.1.0 26.00 OK
r-oldrel-macos-x86_64 1.1.0 43.00 OK
r-oldrel-windows-x86_64 1.1.0 10.00 82.00 92.00 OK

Check Details

Version: 1.1.0
Check: C++ specification
Result: NOTE Specified C++11: please drop specification unless essential Flavors: r-devel-windows-x86_64, r-release-windows-x86_64