CRAN Package Check Results for Package BayesComm

Last updated on 2024-02-23 05:07:14 CET.

Flavor Version Tinstall Tcheck Ttotal Status Flags
r-devel-linux-x86_64-debian-clang 0.1-2 NOTE
r-devel-linux-x86_64-debian-gcc 0.1-2 37.94 26.70 64.64 NOTE
r-devel-linux-x86_64-fedora-clang 0.1-2 124.19 NOTE
r-devel-linux-x86_64-fedora-gcc 0.1-2 119.39 NOTE
r-devel-windows-x86_64 0.1-2 40.00 72.00 112.00 NOTE
r-patched-linux-x86_64 0.1-2 49.77 34.21 83.98 NOTE
r-release-linux-x86_64 0.1-2 43.42 34.07 77.49 NOTE
r-release-macos-arm64 0.1-2 34.00 NOTE
r-release-macos-x86_64 0.1-2 50.00 NOTE
r-release-windows-x86_64 0.1-2 53.00 77.00 130.00 NOTE
r-oldrel-macos-arm64 0.1-2 39.00 OK
r-oldrel-windows-x86_64 0.1-2 50.00 74.00 124.00 OK

Check Details

Version: 0.1-2
Check: Rd files
Result: NOTE checkRd: (-1) BayesComm-package.Rd:33: Escaped LaTeX specials: \& Flavors: r-devel-linux-x86_64-debian-clang, r-devel-linux-x86_64-debian-gcc, r-devel-linux-x86_64-fedora-clang, r-devel-linux-x86_64-fedora-gcc, r-devel-windows-x86_64, r-patched-linux-x86_64, r-release-linux-x86_64, r-release-macos-arm64, r-release-macos-x86_64, r-release-windows-x86_64

Version: 0.1-2
Check: compiled code
Result: NOTE File ‘BayesComm/libs/BayesComm.so’: Found no calls to: ‘R_registerRoutines’, ‘R_useDynamicSymbols’ It is good practice to register native routines and to disable symbol search. See ‘Writing portable packages’ in the ‘Writing R Extensions’ manual. Flavors: r-devel-linux-x86_64-fedora-clang, r-devel-linux-x86_64-fedora-gcc