CRAN Package Check Results for Package BayesBinMix

Last updated on 2023-12-10 04:55:51 CET.

Flavor Version Tinstall Tcheck Ttotal Status Flags
r-devel-linux-x86_64-debian-clang 1.4.1 7.94 39.08 47.02 NOTE
r-devel-linux-x86_64-debian-gcc 1.4.1 5.83 30.04 35.87 NOTE
r-devel-linux-x86_64-fedora-clang 1.4.1 58.25 OK
r-devel-linux-x86_64-fedora-gcc 1.4.1 56.93 OK
r-devel-windows-x86_64 1.4.1 6.00 50.00 56.00 OK
r-patched-linux-x86_64 1.4.1 6.43 38.70 45.13 OK
r-release-linux-x86_64 1.4.1 7.59 38.08 45.67 OK
r-release-macos-arm64 1.4.1 22.00 OK
r-release-macos-x86_64 1.4.1 28.00 OK
r-release-windows-x86_64 1.4.1 8.00 52.00 60.00 OK
r-oldrel-macos-arm64 1.4.1 20.00 OK
r-oldrel-macos-x86_64 1.4.1 29.00 OK
r-oldrel-windows-x86_64 1.4.1 9.00 54.00 63.00 OK

Check Details

Version: 1.4.1
Check: Rd files
Result: NOTE checkRd: (-1) coupledMetropolis.Rd:83-85: Lost braces in \itemize; meant \describe ? checkRd: (-1) coupledMetropolis.Rd:86-88: Lost braces in \itemize; meant \describe ? checkRd: (-1) coupledMetropolis.Rd:89-91: Lost braces in \itemize; meant \describe ? checkRd: (-1) coupledMetropolis.Rd:92-94: Lost braces in \itemize; meant \describe ? checkRd: (-1) coupledMetropolis.Rd:95-97: Lost braces in \itemize; meant \describe ? checkRd: (-1) coupledMetropolis.Rd:98-100: Lost braces in \itemize; meant \describe ? checkRd: (-1) coupledMetropolis.Rd:101-103: Lost braces in \itemize; meant \describe ? checkRd: (-1) coupledMetropolis.Rd:104-106: Lost braces in \itemize; meant \describe ? checkRd: (-1) coupledMetropolis.Rd:107-109: Lost braces in \itemize; meant \describe ? checkRd: (-1) coupledMetropolis.Rd:110-112: Lost braces in \itemize; meant \describe ? checkRd: (-1) coupledMetropolis.Rd:113-115: Lost braces in \itemize; meant \describe ? checkRd: (-1) coupledMetropolis.Rd:116-118: Lost braces in \itemize; meant \describe ? checkRd: (-1) coupledMetropolis.Rd:119-121: Lost braces in \itemize; meant \describe ? checkRd: (-1) coupledMetropolis.Rd:122-124: Lost braces in \itemize; meant \describe ? checkRd: (-1) coupledMetropolis.Rd:125-127: Lost braces in \itemize; meant \describe ? Flavors: r-devel-linux-x86_64-debian-clang, r-devel-linux-x86_64-debian-gcc