CRAN Package Check Results for Package BOSSreg

Last updated on 2023-12-04 05:08:59 CET.

Flavor Version Tinstall Tcheck Ttotal Status Flags
r-devel-linux-x86_64-debian-clang 0.2.0 38.50 49.69 88.19 NOTE
r-devel-linux-x86_64-debian-gcc 0.2.0 24.95 38.23 63.18 NOTE
r-devel-linux-x86_64-fedora-clang 0.2.0 117.09 NOTE
r-devel-linux-x86_64-fedora-gcc 0.2.0 123.77 NOTE
r-devel-windows-x86_64 0.2.0 28.00 104.00 132.00 NOTE
r-patched-linux-x86_64 0.2.0 25.33 49.30 74.63 NOTE
r-release-linux-x86_64 0.2.0 29.21 48.47 77.68 NOTE
r-release-macos-arm64 0.2.0 47.00 NOTE
r-release-macos-x86_64 0.2.0 59.00 NOTE
r-release-windows-x86_64 0.2.0 34.00 90.00 124.00 NOTE
r-oldrel-macos-arm64 0.2.0 37.00 NOTE
r-oldrel-macos-x86_64 0.2.0 45.00 NOTE
r-oldrel-windows-x86_64 0.2.0 34.00 88.00 122.00 NOTE

Check Details

Version: 0.2.0
Check: C++ specification
Result: NOTE Specified C++11: please drop specification unless essential Flavors: r-devel-linux-x86_64-debian-clang, r-devel-linux-x86_64-debian-gcc, r-devel-linux-x86_64-fedora-clang, r-devel-linux-x86_64-fedora-gcc, r-devel-windows-x86_64, r-patched-linux-x86_64, r-release-linux-x86_64, r-release-macos-arm64, r-release-macos-x86_64, r-release-windows-x86_64

Version: 0.2.0
Check: LazyData
Result: NOTE 'LazyData' is specified without a 'data' directory Flavors: r-devel-linux-x86_64-debian-clang, r-devel-linux-x86_64-debian-gcc, r-devel-linux-x86_64-fedora-clang, r-devel-linux-x86_64-fedora-gcc, r-devel-windows-x86_64, r-patched-linux-x86_64, r-release-linux-x86_64, r-release-macos-arm64, r-release-macos-x86_64, r-release-windows-x86_64, r-oldrel-macos-arm64, r-oldrel-macos-x86_64, r-oldrel-windows-x86_64

Version: 0.2.0
Check: package dependencies
Result: NOTE Package suggested but not available for checking: ‘sparsenet’ Flavor: r-release-macos-x86_64