Last updated on 2023-12-04 05:08:59 CET.
Flavor | Version | Tinstall | Tcheck | Ttotal | Status | Flags |
---|---|---|---|---|---|---|
r-devel-linux-x86_64-debian-clang | 1.0.3 | 6.91 | 109.45 | 116.36 | NOTE | |
r-devel-linux-x86_64-debian-gcc | 1.0.3 | 6.35 | 82.35 | 88.70 | NOTE | |
r-devel-linux-x86_64-fedora-clang | 1.0.3 | 147.38 | NOTE | |||
r-devel-linux-x86_64-fedora-gcc | 1.0.3 | 154.40 | NOTE | |||
r-devel-windows-x86_64 | 1.0.3 | 9.00 | 94.00 | 103.00 | NOTE | |
r-patched-linux-x86_64 | 1.0.3 | 9.58 | 107.09 | 116.67 | NOTE | |
r-release-linux-x86_64 | 1.0.3 | 7.88 | 106.30 | 114.18 | NOTE | |
r-release-macos-arm64 | 1.0.3 | 51.00 | NOTE | |||
r-release-macos-x86_64 | 1.0.3 | 96.00 | NOTE | |||
r-release-windows-x86_64 | 1.0.3 | 9.00 | 114.00 | 123.00 | NOTE | |
r-oldrel-macos-arm64 | 1.0.3 | 51.00 | NOTE | |||
r-oldrel-macos-x86_64 | 1.0.3 | 64.00 | NOTE | |||
r-oldrel-windows-x86_64 | 1.0.3 | 12.00 | 121.00 | 133.00 | NOTE |
Version: 1.0.3
Check: package dependencies
Result: NOTE
Packages suggested but not available for checking: 'cplexAPI', 'bestsubset'
Flavors: r-devel-linux-x86_64-debian-clang, r-devel-linux-x86_64-debian-gcc, r-devel-linux-x86_64-fedora-clang, r-devel-linux-x86_64-fedora-gcc, r-devel-windows-x86_64, r-patched-linux-x86_64, r-release-linux-x86_64, r-release-macos-arm64, r-release-macos-x86_64, r-release-windows-x86_64, r-oldrel-macos-arm64, r-oldrel-macos-x86_64, r-oldrel-windows-x86_64
Version: 1.0.3
Check: Rd \usage sections
Result: NOTE
Documented arguments not in \usage in Rd file 'InternalFunctions.Rd':
‘metric’ ‘matrix’
Functions with \usage entries need to have the appropriate \alias
entries, and all their arguments documented.
The \usage entries must correspond to syntactically valid R code.
See chapter ‘Writing R documentation files’ in the ‘Writing R
Extensions’ manual.
Flavors: r-devel-linux-x86_64-debian-clang, r-devel-linux-x86_64-debian-gcc, r-devel-linux-x86_64-fedora-clang, r-devel-linux-x86_64-fedora-gcc, r-devel-windows-x86_64