Last updated on 2023-12-08 05:01:59 CET.
Flavor | Version | Tinstall | Tcheck | Ttotal | Status | Flags |
---|---|---|---|---|---|---|
r-devel-linux-x86_64-debian-clang | 0.1.1 | 10.14 | 97.42 | 107.56 | NOTE | |
r-devel-linux-x86_64-debian-gcc | 0.1.1 | 8.46 | 73.90 | 82.36 | NOTE | |
r-devel-linux-x86_64-fedora-clang | 0.1.1 | 137.24 | NOTE | |||
r-devel-linux-x86_64-fedora-gcc | 0.1.1 | 141.06 | NOTE | |||
r-devel-windows-x86_64 | 0.1.1 | 9.00 | 85.00 | 94.00 | NOTE | |
r-patched-linux-x86_64 | 0.1.1 | 8.68 | 96.12 | 104.80 | NOTE | |
r-release-linux-x86_64 | 0.1.1 | 7.25 | 93.74 | 100.99 | NOTE | |
r-release-macos-arm64 | 0.1.1 | 52.00 | NOTE | |||
r-release-macos-x86_64 | 0.1.1 | 77.00 | NOTE | |||
r-release-windows-x86_64 | 0.1.1 | 12.00 | 102.00 | 114.00 | NOTE | |
r-oldrel-macos-arm64 | 0.1.1 | 42.00 | NOTE | |||
r-oldrel-macos-x86_64 | 0.1.1 | 57.00 | NOTE | |||
r-oldrel-windows-x86_64 | 0.1.1 | 12.00 | 106.00 | 118.00 | NOTE |
Version: 0.1.1
Check: LazyData
Result: NOTE
'LazyData' is specified without a 'data' directory
Flavors: r-devel-linux-x86_64-debian-clang, r-devel-linux-x86_64-debian-gcc, r-devel-linux-x86_64-fedora-clang, r-devel-linux-x86_64-fedora-gcc, r-devel-windows-x86_64, r-patched-linux-x86_64, r-release-linux-x86_64, r-release-macos-arm64, r-release-macos-x86_64, r-release-windows-x86_64, r-oldrel-macos-arm64, r-oldrel-macos-x86_64, r-oldrel-windows-x86_64