CRAN Package Check Results for Package BMRMM

Last updated on 2024-02-26 04:49:21 CET.

Flavor Version Tinstall Tcheck Ttotal Status Flags
r-devel-linux-x86_64-debian-clang 1.0.0 14.47 146.18 160.65 NOTE
r-devel-linux-x86_64-debian-gcc 1.0.0 12.36 106.52 118.88 NOTE
r-devel-linux-x86_64-fedora-clang 1.0.0 205.02 NOTE
r-devel-linux-x86_64-fedora-gcc 1.0.0 200.64 NOTE
r-devel-windows-x86_64 1.0.0 13.00 109.00 122.00 OK
r-patched-linux-x86_64 1.0.0 15.27 144.43 159.70 OK
r-release-linux-x86_64 1.0.0 16.36 147.12 163.48 OK
r-release-macos-arm64 1.0.0 59.00 OK
r-release-macos-x86_64 1.0.0 164.00 OK
r-release-windows-x86_64 1.0.0 16.00 132.00 148.00 OK
r-oldrel-macos-arm64 1.0.0 56.00 OK
r-oldrel-windows-x86_64 1.0.0 18.00 131.00 149.00 OK

Check Details

Version: 1.0.0
Check: Rd files
Result: NOTE checkRd: (-1) BMRMM.Rd:92: Lost braces in \itemize; meant \describe ? checkRd: (-1) BMRMM.Rd:93-94: Lost braces in \itemize; meant \describe ? checkRd: (-1) BMRMM.Rd:95-98: Lost braces in \itemize; meant \describe ? checkRd: (-1) summary.BMRMM.Rd:38-41: Lost braces in \itemize; meant \describe ? checkRd: (-1) summary.BMRMM.Rd:44-53: Lost braces in \itemize; meant \describe ? Flavors: r-devel-linux-x86_64-debian-clang, r-devel-linux-x86_64-debian-gcc, r-devel-linux-x86_64-fedora-clang, r-devel-linux-x86_64-fedora-gcc