CRAN Package Check Results for Package BHMSMAfMRI

Last updated on 2023-11-28 04:57:12 CET.

Flavor Version Tinstall Tcheck Ttotal Status Flags
r-devel-linux-x86_64-debian-clang 2.1 46.13 71.11 117.24 NOTE
r-devel-linux-x86_64-debian-gcc 2.1 33.06 70.99 104.05 NOTE
r-devel-linux-x86_64-fedora-clang 2.1 156.35 NOTE
r-devel-linux-x86_64-fedora-gcc 2.1 170.13 NOTE
r-devel-windows-x86_64 2.1 35.00 140.00 175.00 NOTE
r-patched-linux-x86_64 2.1 38.97 70.65 109.62 NOTE
r-release-linux-x86_64 2.1 38.44 70.28 108.72 NOTE
r-release-macos-arm64 2.1 50.00 NOTE
r-release-macos-x86_64 2.1 80.00 NOTE
r-release-windows-x86_64 2.1 47.00 116.00 163.00 NOTE
r-oldrel-macos-arm64 2.1 43.00 OK
r-oldrel-macos-x86_64 2.1 58.00 OK
r-oldrel-windows-x86_64 2.1 45.00 113.00 158.00 OK

Check Details

Version: 2.1
Check: C++ specification
Result: NOTE Specified C++11: please drop specification unless essential Flavors: r-devel-linux-x86_64-debian-clang, r-devel-linux-x86_64-debian-gcc, r-devel-linux-x86_64-fedora-clang, r-devel-linux-x86_64-fedora-gcc, r-devel-windows-x86_64, r-patched-linux-x86_64, r-release-linux-x86_64, r-release-macos-arm64, r-release-macos-x86_64, r-release-windows-x86_64

Version: 2.1
Check: Rd files
Result: NOTE checkRd: (-1) fmridata.Rd:18: Lost braces in \itemize; meant \describe ? checkRd: (-1) fmridata.Rd:19: Lost braces in \itemize; meant \describe ? checkRd: (-1) fmridata.Rd:20: Lost braces in \itemize; meant \describe ? checkRd: (-1) fmridata.Rd:21: Lost braces in \itemize; meant \describe ? Flavors: r-devel-linux-x86_64-debian-clang, r-devel-linux-x86_64-debian-gcc