CRAN Package Check Results for Package BDEsize

Last updated on 2024-06-13 05:58:58 CEST.

Flavor Version Tinstall Tcheck Ttotal Status Flags
r-devel-linux-x86_64-debian-clang 1.6 5.01 37.94 42.95 OK
r-devel-linux-x86_64-debian-gcc 1.6 0.26 1.54 1.80 ERROR
r-devel-linux-x86_64-fedora-clang 1.6 52.71 OK
r-devel-linux-x86_64-fedora-gcc 1.6 49.82 OK
r-devel-windows-x86_64 1.6 5.00 47.00 52.00 OK
r-patched-linux-x86_64 1.6 5.50 35.40 40.90 OK
r-release-linux-x86_64 1.6 3.62 36.36 39.98 OK
r-release-macos-arm64 1.6 19.00 OK
r-release-macos-x86_64 1.6 27.00 OK
r-release-windows-x86_64 1.6 6.00 55.00 61.00 OK
r-oldrel-macos-arm64 1.6 20.00 OK
r-oldrel-macos-x86_64 1.6 28.00 OK
r-oldrel-windows-x86_64 1.6 6.00 52.00 58.00 OK

Check Details

Version: 1.6
Check: package dependencies
Result: ERROR Package required but not available: ‘ggplot2’ See section ‘The DESCRIPTION file’ in the ‘Writing R Extensions’ manual. Flavor: r-devel-linux-x86_64-debian-gcc