Last updated on 2025-01-17 04:49:11 CET.
Flavor | Version | Tinstall | Tcheck | Ttotal | Status | Flags |
---|---|---|---|---|---|---|
r-devel-linux-x86_64-debian-clang | 1.00 | 2.86 | 33.66 | 36.52 | OK | |
r-devel-linux-x86_64-debian-gcc | 1.00 | 2.10 | 25.34 | 27.44 | OK | |
r-devel-linux-x86_64-fedora-clang | 1.00 | 60.88 | NOTE | |||
r-devel-linux-x86_64-fedora-gcc | 1.00 | 88.68 | NOTE | |||
r-devel-windows-x86_64 | 1.00 | 4.00 | 56.00 | 60.00 | OK | |
r-patched-linux-x86_64 | 1.00 | 2.74 | 31.92 | 34.66 | NOTE | |
r-release-linux-x86_64 | 1.00 | 2.28 | 32.07 | 34.35 | NOTE | |
r-release-macos-arm64 | 1.00 | 31.00 | NOTE | |||
r-release-macos-x86_64 | 1.00 | 45.00 | NOTE | |||
r-release-windows-x86_64 | 1.00 | 4.00 | 56.00 | 60.00 | NOTE | |
r-oldrel-macos-arm64 | 1.00 | 32.00 | NOTE | |||
r-oldrel-macos-x86_64 | 1.00 | 44.00 | NOTE | |||
r-oldrel-windows-x86_64 | 1.00 | 4.00 | 58.00 | 62.00 | NOTE |
Version: 1.00
Check: dependencies in R code
Result: NOTE
Namespaces in Imports field not imported from:
‘coda’ ‘knitr’ ‘plyr’
All declared Imports should be used.
Flavors: r-devel-linux-x86_64-fedora-clang, r-devel-linux-x86_64-fedora-gcc
Version: 1.00
Check: LazyData
Result: NOTE
'LazyData' is specified without a 'data' directory
Flavors: r-patched-linux-x86_64, r-release-linux-x86_64, r-release-macos-arm64, r-release-macos-x86_64, r-release-windows-x86_64, r-oldrel-macos-arm64, r-oldrel-macos-x86_64, r-oldrel-windows-x86_64