CRAN Package Check Results for Package BCHM

Last updated on 2024-02-27 04:50:31 CET.

Flavor Version Tinstall Tcheck Ttotal Status Flags
r-devel-linux-x86_64-debian-clang 1.00 2.58 41.24 43.82 NOTE
r-devel-linux-x86_64-debian-gcc 1.00 2.39 31.84 34.23 NOTE
r-devel-linux-x86_64-fedora-clang 1.00 55.77 NOTE
r-devel-linux-x86_64-fedora-gcc 1.00 78.60 NOTE
r-devel-windows-x86_64 1.00 4.00 56.00 60.00 NOTE
r-patched-linux-x86_64 1.00 2.64 40.67 43.31 NOTE
r-release-linux-x86_64 1.00 3.50 40.54 44.04 NOTE
r-release-macos-arm64 1.00 32.00 NOTE
r-release-macos-x86_64 1.00 44.00 NOTE
r-release-windows-x86_64 1.00 5.00 57.00 62.00 NOTE
r-oldrel-macos-arm64 1.00 30.00 NOTE
r-oldrel-windows-x86_64 1.00 5.00 62.00 67.00 NOTE

Check Details

Version: 1.00
Check: LazyData
Result: NOTE 'LazyData' is specified without a 'data' directory Flavors: r-devel-linux-x86_64-debian-clang, r-devel-linux-x86_64-debian-gcc, r-devel-linux-x86_64-fedora-clang, r-devel-linux-x86_64-fedora-gcc, r-devel-windows-x86_64, r-patched-linux-x86_64, r-release-linux-x86_64, r-release-macos-arm64, r-release-macos-x86_64, r-release-windows-x86_64, r-oldrel-macos-arm64, r-oldrel-windows-x86_64

Version: 1.00
Check: dependencies in R code
Result: NOTE Namespaces in Imports field not imported from: ‘coda’ ‘knitr’ ‘plyr’ All declared Imports should be used. Flavors: r-devel-linux-x86_64-fedora-clang, r-devel-linux-x86_64-fedora-gcc, r-oldrel-macos-arm64