CRAN Package Check Results for Package BBmisc

Last updated on 2024-06-14 05:58:16 CEST.

Flavor Version Tinstall Tcheck Ttotal Status Flags
r-devel-linux-x86_64-debian-clang 1.13 8.30 57.77 66.07 NOTE
r-devel-linux-x86_64-debian-gcc 1.13 5.81 38.55 44.36 ERROR
r-devel-linux-x86_64-fedora-clang 1.13 83.53 NOTE
r-devel-linux-x86_64-fedora-gcc 1.13 77.94 NOTE
r-devel-windows-x86_64 1.13 8.00 89.00 97.00 NOTE
r-patched-linux-x86_64 1.13 9.95 56.31 66.26 NOTE
r-release-linux-x86_64 1.13 7.13 55.68 62.81 NOTE
r-release-macos-arm64 1.13 34.00 NOTE
r-release-macos-x86_64 1.13 50.00 NOTE
r-release-windows-x86_64 1.13 10.00 94.00 104.00 NOTE
r-oldrel-macos-arm64 1.13 38.00 OK
r-oldrel-macos-x86_64 1.13 49.00 OK
r-oldrel-windows-x86_64 1.13 12.00 97.00 109.00 OK

Check Details

Version: 1.13
Check: Rd files
Result: NOTE checkRd: (-1) getOperatingSystem.Rd:26: Lost braces in \itemize; meant \describe ? checkRd: (-1) getOperatingSystem.Rd:27: Lost braces in \itemize; meant \describe ? checkRd: (-1) getOperatingSystem.Rd:28: Lost braces in \itemize; meant \describe ? checkRd: (-1) getOperatingSystem.Rd:29: Lost braces in \itemize; meant \describe ? checkRd: (-1) getOperatingSystem.Rd:30: Lost braces in \itemize; meant \describe ? Flavors: r-devel-linux-x86_64-debian-clang, r-devel-linux-x86_64-debian-gcc, r-devel-linux-x86_64-fedora-clang, r-devel-linux-x86_64-fedora-gcc, r-devel-windows-x86_64, r-patched-linux-x86_64, r-release-linux-x86_64, r-release-macos-arm64, r-release-macos-x86_64, r-release-windows-x86_64

Version: 1.13
Check: package dependencies
Result: NOTE Package suggested but not available for checking: ‘testthat’ Flavor: r-devel-linux-x86_64-debian-gcc

Version: 1.13
Check: tests
Result: ERROR Running ‘run-all.R’ [0s/0s] Running the tests in ‘tests/run-all.R’ failed. Complete output: > library(testthat) Error in library(testthat) : there is no package called 'testthat' Execution halted Flavor: r-devel-linux-x86_64-debian-gcc