CRAN Package Check Results for Package AzureRMR

Last updated on 2024-07-15 05:48:56 CEST.

Flavor Version Tinstall Tcheck Ttotal Status Flags
r-devel-linux-x86_64-debian-clang 2.4.4 9.06 44.11 53.17 OK
r-devel-linux-x86_64-debian-gcc 2.4.4 6.86 34.32 41.18 OK
r-devel-linux-x86_64-fedora-clang 2.4.4 69.69 OK
r-devel-linux-x86_64-fedora-gcc 2.4.4 78.70 OK
r-devel-windows-x86_64 2.4.4 10.00 60.00 70.00 NOTE
r-patched-linux-x86_64 2.4.4 13.54 43.42 56.96 OK
r-release-linux-x86_64 2.4.4 7.81 42.55 50.36 OK
r-release-macos-arm64 2.4.4 33.00 OK
r-release-macos-x86_64 2.4.4 51.00 OK
r-release-windows-x86_64 2.4.4 8.00 59.00 67.00 OK
r-oldrel-macos-arm64 2.4.4 37.00 OK
r-oldrel-macos-x86_64 2.4.4 88.00 OK
r-oldrel-windows-x86_64 2.4.4 11.00 61.00 72.00 OK

Check Details

Version: 2.4.4
Check: Rd cross-references
Result: NOTE Found the following Rd file(s) with Rd \link{} targets missing package anchors: az_resource_group.Rd: AzureToken az_rm.Rd: AzureToken az_subscription.Rd: AzureToken azure_login.Rd: AzureToken call_azure.Rd: AzureToken utils.Rd: AzureToken Please provide package anchors for all Rd \link{} targets not in the package itself and the base packages. Flavor: r-devel-windows-x86_64