Last updated on 2023-11-28 04:57:12 CET.
Flavor | Version | Tinstall | Tcheck | Ttotal | Status | Flags |
---|---|---|---|---|---|---|
r-devel-linux-x86_64-debian-clang | 1.0.1 | 4.01 | 29.11 | 33.12 | OK | |
r-devel-linux-x86_64-debian-gcc | 1.0.1 | 3.42 | 22.29 | 25.71 | OK | |
r-devel-linux-x86_64-fedora-clang | 1.0.1 | 41.82 | NOTE | |||
r-devel-linux-x86_64-fedora-gcc | 1.0.1 | 51.14 | NOTE | |||
r-devel-windows-x86_64 | 1.0.1 | 4.00 | 45.00 | 49.00 | OK | |
r-patched-linux-x86_64 | 1.0.1 | 11.74 | 28.46 | 40.20 | OK | |
r-release-linux-x86_64 | 1.0.1 | 2.92 | 28.44 | 31.36 | OK | |
r-release-macos-arm64 | 1.0.1 | 25.00 | OK | |||
r-release-macos-x86_64 | 1.0.1 | 34.00 | OK | |||
r-release-windows-x86_64 | 1.0.1 | 6.00 | 46.00 | 52.00 | OK | |
r-oldrel-macos-arm64 | 1.0.1 | 19.00 | NOTE | |||
r-oldrel-macos-x86_64 | 1.0.1 | 28.00 | NOTE | |||
r-oldrel-windows-x86_64 | 1.0.1 | 6.00 | 48.00 | 54.00 | OK |
Version: 1.0.1
Check: dependencies in R code
Result: NOTE
Namespaces in Imports field not imported from:
‘httr’ ‘openssl’
All declared Imports should be used.
Flavors: r-devel-linux-x86_64-fedora-clang, r-devel-linux-x86_64-fedora-gcc, r-oldrel-macos-arm64, r-oldrel-macos-x86_64