Last updated on 2023-11-29 04:57:14 CET.
Flavor | Version | Tinstall | Tcheck | Ttotal | Status | Flags |
---|---|---|---|---|---|---|
r-devel-linux-x86_64-debian-clang | 1.0.5 | 9.72 | 32.60 | 42.32 | OK | |
r-devel-linux-x86_64-debian-gcc | 1.0.5 | 8.17 | 25.10 | 33.27 | OK | |
r-devel-linux-x86_64-fedora-clang | 1.0.5 | 56.81 | NOTE | |||
r-devel-linux-x86_64-fedora-gcc | 1.0.5 | 65.34 | NOTE | |||
r-devel-windows-x86_64 | 1.0.5 | 10.00 | 50.00 | 60.00 | OK | |
r-patched-linux-x86_64 | 1.0.5 | 14.98 | 31.84 | 46.82 | OK | |
r-release-linux-x86_64 | 1.0.5 | 8.93 | 31.70 | 40.63 | OK | |
r-release-macos-arm64 | 1.0.5 | 28.00 | OK | |||
r-release-macos-x86_64 | 1.0.5 | 42.00 | OK | |||
r-release-windows-x86_64 | 1.0.5 | 13.00 | 53.00 | 66.00 | OK | |
r-oldrel-macos-arm64 | 1.0.5 | 22.00 | NOTE | |||
r-oldrel-macos-x86_64 | 1.0.5 | 35.00 | NOTE | |||
r-oldrel-windows-x86_64 | 1.0.5 | 14.00 | 52.00 | 66.00 | OK |
Version: 1.0.5
Check: dependencies in R code
Result: NOTE
Namespaces in Imports field not imported from:
‘R6’ ‘jose’ ‘openssl’
All declared Imports should be used.
Flavors: r-devel-linux-x86_64-fedora-clang, r-devel-linux-x86_64-fedora-gcc, r-oldrel-macos-arm64, r-oldrel-macos-x86_64