CRAN Package Check Results for Package AzureGraph

Last updated on 2023-12-08 05:01:58 CET.

Flavor Version Tinstall Tcheck Ttotal Status Flags
r-devel-linux-x86_64-debian-clang 1.3.4 11.49 39.94 51.43 OK
r-devel-linux-x86_64-debian-gcc 1.3.4 8.29 30.54 38.83 OK
r-devel-linux-x86_64-fedora-clang 1.3.4 65.78 NOTE
r-devel-linux-x86_64-fedora-gcc 1.3.4 71.68 NOTE
r-devel-windows-x86_64 1.3.4 11.00 75.00 86.00 OK
r-patched-linux-x86_64 1.3.4 14.79 39.97 54.76 OK
r-release-linux-x86_64 1.3.4 10.34 38.84 49.18 OK
r-release-macos-arm64 1.3.4 45.00 OK
r-release-macos-x86_64 1.3.4 58.00 OK
r-release-windows-x86_64 1.3.4 14.00 63.00 77.00 OK
r-oldrel-macos-arm64 1.3.4 29.00 OK
r-oldrel-macos-x86_64 1.3.4 39.00 OK
r-oldrel-windows-x86_64 1.3.4 12.00 76.00 88.00 OK

Check Details

Version: 1.3.4
Check: dependencies in R code
Result: NOTE Namespace in Imports field not imported from: ‘curl’ All declared Imports should be used. Flavors: r-devel-linux-x86_64-fedora-clang, r-devel-linux-x86_64-fedora-gcc