CRAN Package Check Results for Package AzureCognitive

Last updated on 2024-07-14 05:53:26 CEST.

Flavor Version Tinstall Tcheck Ttotal Status Flags
r-devel-linux-x86_64-debian-clang 1.0.1 3.04 29.38 32.42 OK
r-devel-linux-x86_64-debian-gcc 1.0.1 2.38 22.61 24.99 OK
r-devel-linux-x86_64-fedora-clang 1.0.1 42.51 OK
r-devel-linux-x86_64-fedora-gcc 1.0.1 52.65 OK
r-devel-windows-x86_64 1.0.1 5.00 47.00 52.00 NOTE
r-patched-linux-x86_64 1.0.1 8.54 28.87 37.41 OK
r-release-linux-x86_64 1.0.1 3.15 28.83 31.98 OK
r-release-macos-arm64 1.0.1 23.00 OK
r-release-macos-x86_64 1.0.1 34.00 OK
r-release-windows-x86_64 1.0.1 4.00 46.00 50.00 OK
r-oldrel-macos-arm64 1.0.1 23.00 OK
r-oldrel-macos-x86_64 1.0.1 31.00 OK
r-oldrel-windows-x86_64 1.0.1 5.00 46.00 51.00 OK

Check Details

Version: 1.0.1
Check: Rd cross-references
Result: NOTE Found the following Rd file(s) with Rd \link{} targets missing package anchors: az_cognitive_service.Rd: az_resource_group Please provide package anchors for all Rd \link{} targets not in the package itself and the base packages. Flavor: r-devel-windows-x86_64