Last updated on 2023-12-08 05:01:58 CET.
Flavor | Version | Tinstall | Tcheck | Ttotal | Status | Flags |
---|---|---|---|---|---|---|
r-devel-linux-x86_64-debian-clang | 0.1.3 | 4.86 | 41.45 | 46.31 | NOTE | |
r-devel-linux-x86_64-debian-gcc | 0.1.3 | 3.61 | 32.48 | 36.09 | NOTE | |
r-devel-linux-x86_64-fedora-clang | 0.1.3 | 57.44 | NOTE | |||
r-devel-linux-x86_64-fedora-gcc | 0.1.3 | 68.42 | NOTE | |||
r-devel-windows-x86_64 | 0.1.3 | 6.00 | 75.00 | 81.00 | NOTE | |
r-patched-linux-x86_64 | 0.1.3 | 4.72 | 41.53 | 46.25 | NOTE | |
r-release-linux-x86_64 | 0.1.3 | 4.87 | 40.60 | 45.47 | NOTE | |
r-release-macos-arm64 | 0.1.3 | 32.00 | NOTE | |||
r-release-macos-x86_64 | 0.1.3 | 44.00 | NOTE | |||
r-release-windows-x86_64 | 0.1.3 | 9.00 | 65.00 | 74.00 | NOTE | |
r-oldrel-macos-arm64 | 0.1.3 | 24.00 | NOTE | |||
r-oldrel-macos-x86_64 | 0.1.3 | 35.00 | NOTE | |||
r-oldrel-windows-x86_64 | 0.1.3 | 8.00 | 66.00 | 74.00 | NOTE |
Version: 0.1.3
Check: LazyData
Result: NOTE
'LazyData' is specified without a 'data' directory
Flavors: r-devel-linux-x86_64-debian-clang, r-devel-linux-x86_64-debian-gcc, r-devel-linux-x86_64-fedora-clang, r-devel-linux-x86_64-fedora-gcc, r-devel-windows-x86_64, r-patched-linux-x86_64, r-release-linux-x86_64, r-release-macos-arm64, r-release-macos-x86_64, r-release-windows-x86_64, r-oldrel-macos-arm64, r-oldrel-macos-x86_64, r-oldrel-windows-x86_64