CRAN Package Check Results for Package AntMAN

Last updated on 2024-02-27 04:50:30 CET.

Flavor Version Tinstall Tcheck Ttotal Status Flags
r-devel-linux-x86_64-debian-clang 1.1.0 72.87 366.23 439.10 NOTE
r-devel-linux-x86_64-debian-gcc 1.1.0 54.07 339.40 393.47 NOTE
r-devel-linux-x86_64-fedora-clang 1.1.0 527.42 NOTE
r-devel-linux-x86_64-fedora-gcc 1.1.0 566.65 NOTE
r-devel-windows-x86_64 1.1.0 59.00 297.00 356.00 NOTE
r-patched-linux-x86_64 1.1.0 55.21 329.82 385.03 NOTE
r-release-linux-x86_64 1.1.0 71.87 357.00 428.87 NOTE
r-release-macos-arm64 1.1.0 140.00 NOTE
r-release-macos-x86_64 1.1.0 216.00 NOTE
r-release-windows-x86_64 1.1.0 74.00 349.00 423.00 NOTE
r-oldrel-macos-arm64 1.1.0 119.00 NOTE
r-oldrel-windows-x86_64 1.1.0 73.00 354.00 427.00 OK

Check Details

Version: 1.1.0
Check: C++ specification
Result: NOTE Specified C++11: please drop specification unless essential Flavors: r-devel-linux-x86_64-debian-clang, r-devel-linux-x86_64-debian-gcc, r-devel-linux-x86_64-fedora-clang, r-devel-linux-x86_64-fedora-gcc, r-devel-windows-x86_64, r-patched-linux-x86_64, r-release-linux-x86_64, r-release-macos-arm64, r-release-macos-x86_64, r-release-windows-x86_64

Version: 1.1.0
Check: dependencies in R code
Result: NOTE Namespaces in Imports field not imported from: ‘Rdpack’ ‘mcclust’ All declared Imports should be used. Flavors: r-devel-linux-x86_64-fedora-clang, r-devel-linux-x86_64-fedora-gcc, r-oldrel-macos-arm64

Version: 1.1.0
Check: installed package size
Result: NOTE installed size is 5.8Mb sub-directories of 1Mb or more: libs 5.5Mb Flavors: r-release-macos-arm64, r-release-macos-x86_64, r-oldrel-macos-arm64